{"id":1647,"date":"2015-07-09T13:53:00","date_gmt":"2015-07-09T11:53:00","guid":{"rendered":"http:\/\/www.feuerwehr-aumuehle.de\/wopre\/?post_type=einsatz&#038;p=1647"},"modified":"2017-04-05T19:54:53","modified_gmt":"2017-04-05T17:54:53","slug":"baeume-auf-der-strasse","status":"publish","type":"einsatz","link":"https:\/\/www.feuerwehr-aumuehle.de\/wopre\/einsaetze\/baeume-auf-der-strasse\/","title":{"rendered":"B\u00e4ume auf der Stra\u00dfe"},"content":{"rendered":"<p>B\u00e4ume zers\u00e4gt und beiseite ger\u00e4umt. Einen Baum gef\u00e4llt und einen Ast im Fahrbahnbereich mittels Drehleiter aus Geesthacht aus einer Baumkrone entfernt.<\/p>\n<h2>Bilder<\/h2>\n<hr \/>\n\n\t\t<style type=\"text\/css\">\n\t\t\t#gallery-1 {\n\t\t\t\tmargin: auto;\n\t\t\t}\n\t\t\t#gallery-1 .gallery-item {\n\t\t\t\tfloat: left;\n\t\t\t\tmargin-top: 10px;\n\t\t\t\ttext-align: center;\n\t\t\t\twidth: 25%;\n\t\t\t}\n\t\t\t#gallery-1 img {\n\t\t\t\tborder: 2px solid #cfcfcf;\n\t\t\t}\n\t\t\t#gallery-1 .gallery-caption {\n\t\t\t\tmargin-left: 0;\n\t\t\t}\n\t\t\t\/* see gallery_shortcode() in wp-includes\/media.php *\/\n\t\t<\/style>\n\t\t<div id='gallery-1' class='gallery galleryid-1647 gallery-columns-4 gallery-size-thumbnail'><dl class='gallery-item'>\n\t\t\t<dt class='gallery-icon landscape'>\n\t\t\t\t<a href='https:\/\/www.feuerwehr-aumuehle.de\/wopre\/wp-content\/uploads\/2015\/07\/E37_2015-07-08-001.jpg' title=\"\" data-rl_title=\"\" class=\"rl-gallery-link\" data-rl_caption=\"\" data-rel=\"gallery-gallery-1\"><img loading=\"lazy\" decoding=\"async\" width=\"150\" height=\"150\" src=\"https:\/\/www.feuerwehr-aumuehle.de\/wopre\/wp-content\/uploads\/2015\/07\/E37_2015-07-08-001-150x150.jpg\" class=\"attachment-thumbnail size-thumbnail\" alt=\"\" srcset=\"https:\/\/www.feuerwehr-aumuehle.de\/wopre\/wp-content\/uploads\/2015\/07\/E37_2015-07-08-001-150x150.jpg 150w, https:\/\/www.feuerwehr-aumuehle.de\/wopre\/wp-content\/uploads\/2015\/07\/E37_2015-07-08-001-180x180.jpg 180w, https:\/\/www.feuerwehr-aumuehle.de\/wopre\/wp-content\/uploads\/2015\/07\/E37_2015-07-08-001-55x55.jpg 55w\" sizes=\"auto, (max-width: 150px) 100vw, 150px\" \/><\/a>\n\t\t\t<\/dt><\/dl><dl class='gallery-item'>\n\t\t\t<dt class='gallery-icon portrait'>\n\t\t\t\t<a href='https:\/\/www.feuerwehr-aumuehle.de\/wopre\/wp-content\/uploads\/2015\/07\/E37_2015-07-08-002.jpg' title=\"\" data-rl_title=\"\" class=\"rl-gallery-link\" data-rl_caption=\"\" data-rel=\"gallery-gallery-1\"><img loading=\"lazy\" decoding=\"async\" width=\"150\" height=\"150\" src=\"https:\/\/www.feuerwehr-aumuehle.de\/wopre\/wp-content\/uploads\/2015\/07\/E37_2015-07-08-002-150x150.jpg\" class=\"attachment-thumbnail size-thumbnail\" alt=\"\" srcset=\"https:\/\/www.feuerwehr-aumuehle.de\/wopre\/wp-content\/uploads\/2015\/07\/E37_2015-07-08-002-150x150.jpg 150w, https:\/\/www.feuerwehr-aumuehle.de\/wopre\/wp-content\/uploads\/2015\/07\/E37_2015-07-08-002-180x180.jpg 180w, https:\/\/www.feuerwehr-aumuehle.de\/wopre\/wp-content\/uploads\/2015\/07\/E37_2015-07-08-002-55x55.jpg 55w\" sizes=\"auto, (max-width: 150px) 100vw, 150px\" \/><\/a>\n\t\t\t<\/dt><\/dl><dl class='gallery-item'>\n\t\t\t<dt class='gallery-icon landscape'>\n\t\t\t\t<a href='https:\/\/www.feuerwehr-aumuehle.de\/wopre\/wp-content\/uploads\/2015\/07\/E37_2015-07-08-003.jpg' title=\"\" data-rl_title=\"\" class=\"rl-gallery-link\" data-rl_caption=\"\" data-rel=\"gallery-gallery-1\"><img loading=\"lazy\" decoding=\"async\" width=\"150\" height=\"150\" src=\"https:\/\/www.feuerwehr-aumuehle.de\/wopre\/wp-content\/uploads\/2015\/07\/E37_2015-07-08-003-150x150.jpg\" class=\"attachment-thumbnail size-thumbnail\" alt=\"\" srcset=\"https:\/\/www.feuerwehr-aumuehle.de\/wopre\/wp-content\/uploads\/2015\/07\/E37_2015-07-08-003-150x150.jpg 150w, https:\/\/www.feuerwehr-aumuehle.de\/wopre\/wp-content\/uploads\/2015\/07\/E37_2015-07-08-003-180x180.jpg 180w, https:\/\/www.feuerwehr-aumuehle.de\/wopre\/wp-content\/uploads\/2015\/07\/E37_2015-07-08-003-55x55.jpg 55w\" sizes=\"auto, (max-width: 150px) 100vw, 150px\" \/><\/a>\n\t\t\t<\/dt><\/dl><dl class='gallery-item'>\n\t\t\t<dt class='gallery-icon portrait'>\n\t\t\t\t<a href='https:\/\/www.feuerwehr-aumuehle.de\/wopre\/wp-content\/uploads\/2015\/07\/E37_2015-07-08-004.jpg' title=\"\" data-rl_title=\"\" class=\"rl-gallery-link\" data-rl_caption=\"\" data-rel=\"gallery-gallery-1\"><img loading=\"lazy\" decoding=\"async\" width=\"150\" height=\"150\" src=\"https:\/\/www.feuerwehr-aumuehle.de\/wopre\/wp-content\/uploads\/2015\/07\/E37_2015-07-08-004-150x150.jpg\" class=\"attachment-thumbnail size-thumbnail\" alt=\"\" srcset=\"https:\/\/www.feuerwehr-aumuehle.de\/wopre\/wp-content\/uploads\/2015\/07\/E37_2015-07-08-004-150x150.jpg 150w, https:\/\/www.feuerwehr-aumuehle.de\/wopre\/wp-content\/uploads\/2015\/07\/E37_2015-07-08-004-180x180.jpg 180w, https:\/\/www.feuerwehr-aumuehle.de\/wopre\/wp-content\/uploads\/2015\/07\/E37_2015-07-08-004-55x55.jpg 55w\" sizes=\"auto, (max-width: 150px) 100vw, 150px\" \/><\/a>\n\t\t\t<\/dt><\/dl><br style=\"clear: both\" \/><dl class='gallery-item'>\n\t\t\t<dt class='gallery-icon landscape'>\n\t\t\t\t<a href='https:\/\/www.feuerwehr-aumuehle.de\/wopre\/wp-content\/uploads\/2015\/07\/E37_2015-07-08-005.jpg' title=\"\" data-rl_title=\"\" class=\"rl-gallery-link\" data-rl_caption=\"\" data-rel=\"gallery-gallery-1\"><img loading=\"lazy\" decoding=\"async\" width=\"150\" height=\"150\" src=\"https:\/\/www.feuerwehr-aumuehle.de\/wopre\/wp-content\/uploads\/2015\/07\/E37_2015-07-08-005-150x150.jpg\" class=\"attachment-thumbnail size-thumbnail\" alt=\"\" srcset=\"https:\/\/www.feuerwehr-aumuehle.de\/wopre\/wp-content\/uploads\/2015\/07\/E37_2015-07-08-005-150x150.jpg 150w, https:\/\/www.feuerwehr-aumuehle.de\/wopre\/wp-content\/uploads\/2015\/07\/E37_2015-07-08-005-180x180.jpg 180w, https:\/\/www.feuerwehr-aumuehle.de\/wopre\/wp-content\/uploads\/2015\/07\/E37_2015-07-08-005-55x55.jpg 55w\" sizes=\"auto, (max-width: 150px) 100vw, 150px\" \/><\/a>\n\t\t\t<\/dt><\/dl><dl class='gallery-item'>\n\t\t\t<dt class='gallery-icon landscape'>\n\t\t\t\t<a href='https:\/\/www.feuerwehr-aumuehle.de\/wopre\/wp-content\/uploads\/2015\/07\/E37_2015-07-08-006.jpg' title=\"\" data-rl_title=\"\" class=\"rl-gallery-link\" data-rl_caption=\"\" data-rel=\"gallery-gallery-1\"><img loading=\"lazy\" decoding=\"async\" width=\"150\" height=\"150\" src=\"https:\/\/www.feuerwehr-aumuehle.de\/wopre\/wp-content\/uploads\/2015\/07\/E37_2015-07-08-006-150x150.jpg\" class=\"attachment-thumbnail size-thumbnail\" alt=\"\" srcset=\"https:\/\/www.feuerwehr-aumuehle.de\/wopre\/wp-content\/uploads\/2015\/07\/E37_2015-07-08-006-150x150.jpg 150w, https:\/\/www.feuerwehr-aumuehle.de\/wopre\/wp-content\/uploads\/2015\/07\/E37_2015-07-08-006-180x180.jpg 180w, https:\/\/www.feuerwehr-aumuehle.de\/wopre\/wp-content\/uploads\/2015\/07\/E37_2015-07-08-006-55x55.jpg 55w\" sizes=\"auto, (max-width: 150px) 100vw, 150px\" \/><\/a>\n\t\t\t<\/dt><\/dl><dl class='gallery-item'>\n\t\t\t<dt class='gallery-icon landscape'>\n\t\t\t\t<a href='https:\/\/www.feuerwehr-aumuehle.de\/wopre\/wp-content\/uploads\/2015\/07\/E37_2015-07-08-007.jpg' title=\"\" data-rl_title=\"\" class=\"rl-gallery-link\" data-rl_caption=\"\" data-rel=\"gallery-gallery-1\"><img loading=\"lazy\" decoding=\"async\" width=\"150\" height=\"150\" src=\"https:\/\/www.feuerwehr-aumuehle.de\/wopre\/wp-content\/uploads\/2015\/07\/E37_2015-07-08-007-150x150.jpg\" class=\"attachment-thumbnail size-thumbnail\" alt=\"\" srcset=\"https:\/\/www.feuerwehr-aumuehle.de\/wopre\/wp-content\/uploads\/2015\/07\/E37_2015-07-08-007-150x150.jpg 150w, https:\/\/www.feuerwehr-aumuehle.de\/wopre\/wp-content\/uploads\/2015\/07\/E37_2015-07-08-007-180x180.jpg 180w, https:\/\/www.feuerwehr-aumuehle.de\/wopre\/wp-content\/uploads\/2015\/07\/E37_2015-07-08-007-55x55.jpg 55w\" sizes=\"auto, (max-width: 150px) 100vw, 150px\" \/><\/a>\n\t\t\t<\/dt><\/dl><dl class='gallery-item'>\n\t\t\t<dt class='gallery-icon landscape'>\n\t\t\t\t<a href='https:\/\/www.feuerwehr-aumuehle.de\/wopre\/wp-content\/uploads\/2015\/07\/E37_2015-07-08-008.jpg' title=\"\" data-rl_title=\"\" class=\"rl-gallery-link\" data-rl_caption=\"\" data-rel=\"gallery-gallery-1\"><img loading=\"lazy\" decoding=\"async\" width=\"150\" height=\"150\" src=\"https:\/\/www.feuerwehr-aumuehle.de\/wopre\/wp-content\/uploads\/2015\/07\/E37_2015-07-08-008-150x150.jpg\" class=\"attachment-thumbnail size-thumbnail\" alt=\"\" srcset=\"https:\/\/www.feuerwehr-aumuehle.de\/wopre\/wp-content\/uploads\/2015\/07\/E37_2015-07-08-008-150x150.jpg 150w, https:\/\/www.feuerwehr-aumuehle.de\/wopre\/wp-content\/uploads\/2015\/07\/E37_2015-07-08-008-180x180.jpg 180w, https:\/\/www.feuerwehr-aumuehle.de\/wopre\/wp-content\/uploads\/2015\/07\/E37_2015-07-08-008-55x55.jpg 55w\" sizes=\"auto, (max-width: 150px) 100vw, 150px\" \/><\/a>\n\t\t\t<\/dt><\/dl><br style=\"clear: both\" \/><dl class='gallery-item'>\n\t\t\t<dt class='gallery-icon landscape'>\n\t\t\t\t<a href='https:\/\/www.feuerwehr-aumuehle.de\/wopre\/wp-content\/uploads\/2015\/07\/E37_2015-07-08-009.jpg' title=\"\" data-rl_title=\"\" class=\"rl-gallery-link\" data-rl_caption=\"\" data-rel=\"gallery-gallery-1\"><img loading=\"lazy\" decoding=\"async\" width=\"150\" height=\"150\" src=\"https:\/\/www.feuerwehr-aumuehle.de\/wopre\/wp-content\/uploads\/2015\/07\/E37_2015-07-08-009-150x150.jpg\" class=\"attachment-thumbnail size-thumbnail\" alt=\"\" srcset=\"https:\/\/www.feuerwehr-aumuehle.de\/wopre\/wp-content\/uploads\/2015\/07\/E37_2015-07-08-009-150x150.jpg 150w, https:\/\/www.feuerwehr-aumuehle.de\/wopre\/wp-content\/uploads\/2015\/07\/E37_2015-07-08-009-180x180.jpg 180w, https:\/\/www.feuerwehr-aumuehle.de\/wopre\/wp-content\/uploads\/2015\/07\/E37_2015-07-08-009-55x55.jpg 55w\" sizes=\"auto, (max-width: 150px) 100vw, 150px\" \/><\/a>\n\t\t\t<\/dt><\/dl>\n\t\t\t<br style='clear: both' \/>\n\t\t<\/div>\n\n","protected":false},"author":2,"featured_media":0,"template":"","meta":{"einsatz_weight":1,"footnotes":""},"categories":[],"tags":[],"einsatzart":[],"fahrzeug":[8,5,46],"exteinsatzmittel":[150,140,43],"alarmierungsart":[7],"evw_unit":[],"class_list":["post-1647","einsatz","type-einsatz","status-publish","hentry","fahrzeug-mzf","fahrzeug-rw","fahrzeug-tlf","exteinsatzmittel-ff-geesthacht","exteinsatzmittel-ff-kroeppelshagen","exteinsatzmittel-polizei","alarmierungsart-dme"],"_links":{"self":[{"href":"https:\/\/www.feuerwehr-aumuehle.de\/wopre\/wp-json\/wp\/v2\/einsatz\/1647","targetHints":{"allow":["GET"]}}],"collection":[{"href":"https:\/\/www.feuerwehr-aumuehle.de\/wopre\/wp-json\/wp\/v2\/einsatz"}],"about":[{"href":"https:\/\/www.feuerwehr-aumuehle.de\/wopre\/wp-json\/wp\/v2\/types\/einsatz"}],"author":[{"embeddable":true,"href":"https:\/\/www.feuerwehr-aumuehle.de\/wopre\/wp-json\/wp\/v2\/users\/2"}],"version-history":[{"count":2,"href":"https:\/\/www.feuerwehr-aumuehle.de\/wopre\/wp-json\/wp\/v2\/einsatz\/1647\/revisions"}],"predecessor-version":[{"id":2979,"href":"https:\/\/www.feuerwehr-aumuehle.de\/wopre\/wp-json\/wp\/v2\/einsatz\/1647\/revisions\/2979"}],"wp:attachment":[{"href":"https:\/\/www.feuerwehr-aumuehle.de\/wopre\/wp-json\/wp\/v2\/media?parent=1647"}],"wp:term":[{"taxonomy":"category","embeddable":true,"href":"https:\/\/www.feuerwehr-aumuehle.de\/wopre\/wp-json\/wp\/v2\/categories?post=1647"},{"taxonomy":"post_tag","embeddable":true,"href":"https:\/\/www.feuerwehr-aumuehle.de\/wopre\/wp-json\/wp\/v2\/tags?post=1647"},{"taxonomy":"einsatzart","embeddable":true,"href":"https:\/\/www.feuerwehr-aumuehle.de\/wopre\/wp-json\/wp\/v2\/einsatzart?post=1647"},{"taxonomy":"fahrzeug","embeddable":true,"href":"https:\/\/www.feuerwehr-aumuehle.de\/wopre\/wp-json\/wp\/v2\/fahrzeug?post=1647"},{"taxonomy":"exteinsatzmittel","embeddable":true,"href":"https:\/\/www.feuerwehr-aumuehle.de\/wopre\/wp-json\/wp\/v2\/exteinsatzmittel?post=1647"},{"taxonomy":"alarmierungsart","embeddable":true,"href":"https:\/\/www.feuerwehr-aumuehle.de\/wopre\/wp-json\/wp\/v2\/alarmierungsart?post=1647"},{"taxonomy":"evw_unit","embeddable":true,"href":"https:\/\/www.feuerwehr-aumuehle.de\/wopre\/wp-json\/wp\/v2\/evw_unit?post=1647"}],"curies":[{"name":"wp","href":"https:\/\/api.w.org\/{rel}","templated":true}]}}

Bäume auf der Straße

<p>Bäume zersägt und beiseite geräumt. Einen Baum gefällt und einen Ast im Fahrbahnbereich mittels Drehleiter aus Geesthacht aus einer Baumkrone entfernt.</p>
<h2>Bilder</h2>
<hr />

		<style type="text/css">
			#gallery-1 {
				margin: auto;
			}
			#gallery-1 .gallery-item {
				float: left;
				margin-top: 10px;
				text-align: center;
				width: 25%;
			}
			#gallery-1 img {
				border: 2px solid #cfcfcf;
			}
			#gallery-1 .gallery-caption {
				margin-left: 0;
			}
			/* see gallery_shortcode() in wp-includes/media.php */
		</style>
		<div id='gallery-1' class='gallery galleryid-1647 gallery-columns-4 gallery-size-thumbnail'><dl class='gallery-item'>
			<dt class='gallery-icon landscape'>
				<a href='https://www.feuerwehr-aumuehle.de/wopre/wp-content/uploads/2015/07/E37_2015-07-08-001.jpg' title="" data-rl_title="" class="rl-gallery-link" data-rl_caption="" data-rel="gallery-gallery-1"><img loading="lazy" decoding="async" width="150" height="150" src="https://www.feuerwehr-aumuehle.de/wopre/wp-content/uploads/2015/07/E37_2015-07-08-001-150x150.jpg" class="attachment-thumbnail size-thumbnail" alt="" srcset="https://www.feuerwehr-aumuehle.de/wopre/wp-content/uploads/2015/07/E37_2015-07-08-001-150x150.jpg 150w, https://www.feuerwehr-aumuehle.de/wopre/wp-content/uploads/2015/07/E37_2015-07-08-001-180x180.jpg 180w, https://www.feuerwehr-aumuehle.de/wopre/wp-content/uploads/2015/07/E37_2015-07-08-001-55x55.jpg 55w" sizes="auto, (max-width: 150px) 100vw, 150px" /></a>
			</dt></dl><dl class='gallery-item'>
			<dt class='gallery-icon portrait'>
				<a href='https://www.feuerwehr-aumuehle.de/wopre/wp-content/uploads/2015/07/E37_2015-07-08-002.jpg' title="" data-rl_title="" class="rl-gallery-link" data-rl_caption="" data-rel="gallery-gallery-1"><img loading="lazy" decoding="async" width="150" height="150" src="https://www.feuerwehr-aumuehle.de/wopre/wp-content/uploads/2015/07/E37_2015-07-08-002-150x150.jpg" class="attachment-thumbnail size-thumbnail" alt="" srcset="https://www.feuerwehr-aumuehle.de/wopre/wp-content/uploads/2015/07/E37_2015-07-08-002-150x150.jpg 150w, https://www.feuerwehr-aumuehle.de/wopre/wp-content/uploads/2015/07/E37_2015-07-08-002-180x180.jpg 180w, https://www.feuerwehr-aumuehle.de/wopre/wp-content/uploads/2015/07/E37_2015-07-08-002-55x55.jpg 55w" sizes="auto, (max-width: 150px) 100vw, 150px" /></a>
			</dt></dl><dl class='gallery-item'>
			<dt class='gallery-icon landscape'>
				<a href='https://www.feuerwehr-aumuehle.de/wopre/wp-content/uploads/2015/07/E37_2015-07-08-003.jpg' title="" data-rl_title="" class="rl-gallery-link" data-rl_caption="" data-rel="gallery-gallery-1"><img loading="lazy" decoding="async" width="150" height="150" src="https://www.feuerwehr-aumuehle.de/wopre/wp-content/uploads/2015/07/E37_2015-07-08-003-150x150.jpg" class="attachment-thumbnail size-thumbnail" alt="" srcset="https://www.feuerwehr-aumuehle.de/wopre/wp-content/uploads/2015/07/E37_2015-07-08-003-150x150.jpg 150w, https://www.feuerwehr-aumuehle.de/wopre/wp-content/uploads/2015/07/E37_2015-07-08-003-180x180.jpg 180w, https://www.feuerwehr-aumuehle.de/wopre/wp-content/uploads/2015/07/E37_2015-07-08-003-55x55.jpg 55w" sizes="auto, (max-width: 150px) 100vw, 150px" /></a>
			</dt></dl><dl class='gallery-item'>
			<dt class='gallery-icon portrait'>
				<a href='https://www.feuerwehr-aumuehle.de/wopre/wp-content/uploads/2015/07/E37_2015-07-08-004.jpg' title="" data-rl_title="" class="rl-gallery-link" data-rl_caption="" data-rel="gallery-gallery-1"><img loading="lazy" decoding="async" width="150" height="150" src="https://www.feuerwehr-aumuehle.de/wopre/wp-content/uploads/2015/07/E37_2015-07-08-004-150x150.jpg" class="attachment-thumbnail size-thumbnail" alt="" srcset="https://www.feuerwehr-aumuehle.de/wopre/wp-content/uploads/2015/07/E37_2015-07-08-004-150x150.jpg 150w, https://www.feuerwehr-aumuehle.de/wopre/wp-content/uploads/2015/07/E37_2015-07-08-004-180x180.jpg 180w, https://www.feuerwehr-aumuehle.de/wopre/wp-content/uploads/2015/07/E37_2015-07-08-004-55x55.jpg 55w" sizes="auto, (max-width: 150px) 100vw, 150px" /></a>
			</dt></dl><br style="clear: both" /><dl class='gallery-item'>
			<dt class='gallery-icon landscape'>
				<a href='https://www.feuerwehr-aumuehle.de/wopre/wp-content/uploads/2015/07/E37_2015-07-08-005.jpg' title="" data-rl_title="" class="rl-gallery-link" data-rl_caption="" data-rel="gallery-gallery-1"><img loading="lazy" decoding="async" width="150" height="150" src="https://www.feuerwehr-aumuehle.de/wopre/wp-content/uploads/2015/07/E37_2015-07-08-005-150x150.jpg" class="attachment-thumbnail size-thumbnail" alt="" srcset="https://www.feuerwehr-aumuehle.de/wopre/wp-content/uploads/2015/07/E37_2015-07-08-005-150x150.jpg 150w, https://www.feuerwehr-aumuehle.de/wopre/wp-content/uploads/2015/07/E37_2015-07-08-005-180x180.jpg 180w, https://www.feuerwehr-aumuehle.de/wopre/wp-content/uploads/2015/07/E37_2015-07-08-005-55x55.jpg 55w" sizes="auto, (max-width: 150px) 100vw, 150px" /></a>
			</dt></dl><dl class='gallery-item'>
			<dt class='gallery-icon landscape'>
				<a href='https://www.feuerwehr-aumuehle.de/wopre/wp-content/uploads/2015/07/E37_2015-07-08-006.jpg' title="" data-rl_title="" class="rl-gallery-link" data-rl_caption="" data-rel="gallery-gallery-1"><img loading="lazy" decoding="async" width="150" height="150" src="https://www.feuerwehr-aumuehle.de/wopre/wp-content/uploads/2015/07/E37_2015-07-08-006-150x150.jpg" class="attachment-thumbnail size-thumbnail" alt="" srcset="https://www.feuerwehr-aumuehle.de/wopre/wp-content/uploads/2015/07/E37_2015-07-08-006-150x150.jpg 150w, https://www.feuerwehr-aumuehle.de/wopre/wp-content/uploads/2015/07/E37_2015-07-08-006-180x180.jpg 180w, https://www.feuerwehr-aumuehle.de/wopre/wp-content/uploads/2015/07/E37_2015-07-08-006-55x55.jpg 55w" sizes="auto, (max-width: 150px) 100vw, 150px" /></a>
			</dt></dl><dl class='gallery-item'>
			<dt class='gallery-icon landscape'>
				<a href='https://www.feuerwehr-aumuehle.de/wopre/wp-content/uploads/2015/07/E37_2015-07-08-007.jpg' title="" data-rl_title="" class="rl-gallery-link" data-rl_caption="" data-rel="gallery-gallery-1"><img loading="lazy" decoding="async" width="150" height="150" src="https://www.feuerwehr-aumuehle.de/wopre/wp-content/uploads/2015/07/E37_2015-07-08-007-150x150.jpg" class="attachment-thumbnail size-thumbnail" alt="" srcset="https://www.feuerwehr-aumuehle.de/wopre/wp-content/uploads/2015/07/E37_2015-07-08-007-150x150.jpg 150w, https://www.feuerwehr-aumuehle.de/wopre/wp-content/uploads/2015/07/E37_2015-07-08-007-180x180.jpg 180w, https://www.feuerwehr-aumuehle.de/wopre/wp-content/uploads/2015/07/E37_2015-07-08-007-55x55.jpg 55w" sizes="auto, (max-width: 150px) 100vw, 150px" /></a>
			</dt></dl><dl class='gallery-item'>
			<dt class='gallery-icon landscape'>
				<a href='https://www.feuerwehr-aumuehle.de/wopre/wp-content/uploads/2015/07/E37_2015-07-08-008.jpg' title="" data-rl_title="" class="rl-gallery-link" data-rl_caption="" data-rel="gallery-gallery-1"><img loading="lazy" decoding="async" width="150" height="150" src="https://www.feuerwehr-aumuehle.de/wopre/wp-content/uploads/2015/07/E37_2015-07-08-008-150x150.jpg" class="attachment-thumbnail size-thumbnail" alt="" srcset="https://www.feuerwehr-aumuehle.de/wopre/wp-content/uploads/2015/07/E37_2015-07-08-008-150x150.jpg 150w, https://www.feuerwehr-aumuehle.de/wopre/wp-content/uploads/2015/07/E37_2015-07-08-008-180x180.jpg 180w, https://www.feuerwehr-aumuehle.de/wopre/wp-content/uploads/2015/07/E37_2015-07-08-008-55x55.jpg 55w" sizes="auto, (max-width: 150px) 100vw, 150px" /></a>
			</dt></dl><br style="clear: both" /><dl class='gallery-item'>
			<dt class='gallery-icon landscape'>
				<a href='https://www.feuerwehr-aumuehle.de/wopre/wp-content/uploads/2015/07/E37_2015-07-08-009.jpg' title="" data-rl_title="" class="rl-gallery-link" data-rl_caption="" data-rel="gallery-gallery-1"><img loading="lazy" decoding="async" width="150" height="150" src="https://www.feuerwehr-aumuehle.de/wopre/wp-content/uploads/2015/07/E37_2015-07-08-009-150x150.jpg" class="attachment-thumbnail size-thumbnail" alt="" srcset="https://www.feuerwehr-aumuehle.de/wopre/wp-content/uploads/2015/07/E37_2015-07-08-009-150x150.jpg 150w, https://www.feuerwehr-aumuehle.de/wopre/wp-content/uploads/2015/07/E37_2015-07-08-009-180x180.jpg 180w, https://www.feuerwehr-aumuehle.de/wopre/wp-content/uploads/2015/07/E37_2015-07-08-009-55x55.jpg 55w" sizes="auto, (max-width: 150px) 100vw, 150px" /></a>
			</dt></dl>
			<br style='clear: both' />
		</div>
