{"id":2486,"date":"2016-08-28T17:34:00","date_gmt":"2016-08-28T15:34:00","guid":{"rendered":"http:\/\/www.feuerwehr-aumuehle.de\/wopre\/?post_type=einsatz&#038;p=2486"},"modified":"2017-04-05T19:54:55","modified_gmt":"2017-04-05T17:54:55","slug":"baum-auf-strasse-12","status":"publish","type":"einsatz","link":"https:\/\/www.feuerwehr-aumuehle.de\/wopre\/einsaetze\/baum-auf-strasse-12\/","title":{"rendered":"Baum auf Stra\u00dfe"},"content":{"rendered":"<p>Ein Ast\u00a0war auf die L208 zwischen Friedrichsruh und Rotenbek gest\u00fcrzt. Dieser wurde mit der Motors\u00e4ge zerkleinert und die Stra\u00dfe freiger\u00e4umt.<\/p>\n<hr \/>\n<h3>Bilder vom Einsatz<\/h3>\n\n\t\t<style type=\"text\/css\">\n\t\t\t#gallery-1 {\n\t\t\t\tmargin: auto;\n\t\t\t}\n\t\t\t#gallery-1 .gallery-item {\n\t\t\t\tfloat: left;\n\t\t\t\tmargin-top: 10px;\n\t\t\t\ttext-align: center;\n\t\t\t\twidth: 33%;\n\t\t\t}\n\t\t\t#gallery-1 img {\n\t\t\t\tborder: 2px solid #cfcfcf;\n\t\t\t}\n\t\t\t#gallery-1 .gallery-caption {\n\t\t\t\tmargin-left: 0;\n\t\t\t}\n\t\t\t\/* see gallery_shortcode() in wp-includes\/media.php *\/\n\t\t<\/style>\n\t\t<div id='gallery-1' class='gallery galleryid-2486 gallery-columns-3 gallery-size-medium'><dl class='gallery-item'>\n\t\t\t<dt class='gallery-icon landscape'>\n\t\t\t\t<a href='https:\/\/www.feuerwehr-aumuehle.de\/wopre\/wp-content\/uploads\/2016\/08\/2016-08-28-E17_1.jpg' title=\"\" data-rl_title=\"\" class=\"rl-gallery-link\" data-rl_caption=\"\" data-rel=\"gallery-gallery-1\"><img loading=\"lazy\" decoding=\"async\" width=\"300\" height=\"225\" src=\"https:\/\/www.feuerwehr-aumuehle.de\/wopre\/wp-content\/uploads\/2016\/08\/2016-08-28-E17_1-300x225.jpg\" class=\"attachment-medium size-medium\" alt=\"\" srcset=\"https:\/\/www.feuerwehr-aumuehle.de\/wopre\/wp-content\/uploads\/2016\/08\/2016-08-28-E17_1-300x225.jpg 300w, https:\/\/www.feuerwehr-aumuehle.de\/wopre\/wp-content\/uploads\/2016\/08\/2016-08-28-E17_1-768x576.jpg 768w, https:\/\/www.feuerwehr-aumuehle.de\/wopre\/wp-content\/uploads\/2016\/08\/2016-08-28-E17_1.jpg 1024w\" sizes=\"auto, (max-width: 300px) 100vw, 300px\" \/><\/a>\n\t\t\t<\/dt><\/dl><dl class='gallery-item'>\n\t\t\t<dt class='gallery-icon landscape'>\n\t\t\t\t<a href='https:\/\/www.feuerwehr-aumuehle.de\/wopre\/wp-content\/uploads\/2016\/08\/2016-08-28-E17_2.jpg' title=\"\" data-rl_title=\"\" class=\"rl-gallery-link\" data-rl_caption=\"\" data-rel=\"gallery-gallery-1\"><img loading=\"lazy\" decoding=\"async\" width=\"300\" height=\"225\" src=\"https:\/\/www.feuerwehr-aumuehle.de\/wopre\/wp-content\/uploads\/2016\/08\/2016-08-28-E17_2-300x225.jpg\" class=\"attachment-medium size-medium\" alt=\"\" srcset=\"https:\/\/www.feuerwehr-aumuehle.de\/wopre\/wp-content\/uploads\/2016\/08\/2016-08-28-E17_2-300x225.jpg 300w, https:\/\/www.feuerwehr-aumuehle.de\/wopre\/wp-content\/uploads\/2016\/08\/2016-08-28-E17_2-768x576.jpg 768w, https:\/\/www.feuerwehr-aumuehle.de\/wopre\/wp-content\/uploads\/2016\/08\/2016-08-28-E17_2.jpg 1024w\" sizes=\"auto, (max-width: 300px) 100vw, 300px\" \/><\/a>\n\t\t\t<\/dt><\/dl>\n\t\t\t<br style='clear: both' \/>\n\t\t<\/div>\n\n","protected":false},"author":2,"featured_media":0,"template":"","meta":{"einsatz_weight":1,"footnotes":""},"categories":[],"tags":[],"einsatzart":[],"fahrzeug":[163],"exteinsatzmittel":[],"alarmierungsart":[7],"evw_unit":[],"class_list":["post-2486","einsatz","type-einsatz","status-publish","hentry","fahrzeug-hlf","alarmierungsart-dme"],"_links":{"self":[{"href":"https:\/\/www.feuerwehr-aumuehle.de\/wopre\/wp-json\/wp\/v2\/einsatz\/2486","targetHints":{"allow":["GET"]}}],"collection":[{"href":"https:\/\/www.feuerwehr-aumuehle.de\/wopre\/wp-json\/wp\/v2\/einsatz"}],"about":[{"href":"https:\/\/www.feuerwehr-aumuehle.de\/wopre\/wp-json\/wp\/v2\/types\/einsatz"}],"author":[{"embeddable":true,"href":"https:\/\/www.feuerwehr-aumuehle.de\/wopre\/wp-json\/wp\/v2\/users\/2"}],"version-history":[{"count":1,"href":"https:\/\/www.feuerwehr-aumuehle.de\/wopre\/wp-json\/wp\/v2\/einsatz\/2486\/revisions"}],"predecessor-version":[{"id":2489,"href":"https:\/\/www.feuerwehr-aumuehle.de\/wopre\/wp-json\/wp\/v2\/einsatz\/2486\/revisions\/2489"}],"wp:attachment":[{"href":"https:\/\/www.feuerwehr-aumuehle.de\/wopre\/wp-json\/wp\/v2\/media?parent=2486"}],"wp:term":[{"taxonomy":"category","embeddable":true,"href":"https:\/\/www.feuerwehr-aumuehle.de\/wopre\/wp-json\/wp\/v2\/categories?post=2486"},{"taxonomy":"post_tag","embeddable":true,"href":"https:\/\/www.feuerwehr-aumuehle.de\/wopre\/wp-json\/wp\/v2\/tags?post=2486"},{"taxonomy":"einsatzart","embeddable":true,"href":"https:\/\/www.feuerwehr-aumuehle.de\/wopre\/wp-json\/wp\/v2\/einsatzart?post=2486"},{"taxonomy":"fahrzeug","embeddable":true,"href":"https:\/\/www.feuerwehr-aumuehle.de\/wopre\/wp-json\/wp\/v2\/fahrzeug?post=2486"},{"taxonomy":"exteinsatzmittel","embeddable":true,"href":"https:\/\/www.feuerwehr-aumuehle.de\/wopre\/wp-json\/wp\/v2\/exteinsatzmittel?post=2486"},{"taxonomy":"alarmierungsart","embeddable":true,"href":"https:\/\/www.feuerwehr-aumuehle.de\/wopre\/wp-json\/wp\/v2\/alarmierungsart?post=2486"},{"taxonomy":"evw_unit","embeddable":true,"href":"https:\/\/www.feuerwehr-aumuehle.de\/wopre\/wp-json\/wp\/v2\/evw_unit?post=2486"}],"curies":[{"name":"wp","href":"https:\/\/api.w.org\/{rel}","templated":true}]}}

Baum auf Straße

<p>Ein Ast war auf die L208 zwischen Friedrichsruh und Rotenbek gestürzt. Dieser wurde mit der Motorsäge zerkleinert und die Straße freigeräumt.</p>
<hr />
<h3>Bilder vom Einsatz</h3>

		<style type="text/css">
			#gallery-1 {
				margin: auto;
			}
			#gallery-1 .gallery-item {
				float: left;
				margin-top: 10px;
				text-align: center;
				width: 33%;
			}
			#gallery-1 img {
				border: 2px solid #cfcfcf;
			}
			#gallery-1 .gallery-caption {
				margin-left: 0;
			}
			/* see gallery_shortcode() in wp-includes/media.php */
		</style>
		<div id='gallery-1' class='gallery galleryid-2486 gallery-columns-3 gallery-size-medium'><dl class='gallery-item'>
			<dt class='gallery-icon landscape'>
				<a href='https://www.feuerwehr-aumuehle.de/wopre/wp-content/uploads/2016/08/2016-08-28-E17_1.jpg' title="" data-rl_title="" class="rl-gallery-link" data-rl_caption="" data-rel="gallery-gallery-1"><img loading="lazy" decoding="async" width="300" height="225" src="https://www.feuerwehr-aumuehle.de/wopre/wp-content/uploads/2016/08/2016-08-28-E17_1-300x225.jpg" class="attachment-medium size-medium" alt="" srcset="https://www.feuerwehr-aumuehle.de/wopre/wp-content/uploads/2016/08/2016-08-28-E17_1-300x225.jpg 300w, https://www.feuerwehr-aumuehle.de/wopre/wp-content/uploads/2016/08/2016-08-28-E17_1-768x576.jpg 768w, https://www.feuerwehr-aumuehle.de/wopre/wp-content/uploads/2016/08/2016-08-28-E17_1.jpg 1024w" sizes="auto, (max-width: 300px) 100vw, 300px" /></a>
			</dt></dl><dl class='gallery-item'>
			<dt class='gallery-icon landscape'>
				<a href='https://www.feuerwehr-aumuehle.de/wopre/wp-content/uploads/2016/08/2016-08-28-E17_2.jpg' title="" data-rl_title="" class="rl-gallery-link" data-rl_caption="" data-rel="gallery-gallery-1"><img loading="lazy" decoding="async" width="300" height="225" src="https://www.feuerwehr-aumuehle.de/wopre/wp-content/uploads/2016/08/2016-08-28-E17_2-300x225.jpg" class="attachment-medium size-medium" alt="" srcset="https://www.feuerwehr-aumuehle.de/wopre/wp-content/uploads/2016/08/2016-08-28-E17_2-300x225.jpg 300w, https://www.feuerwehr-aumuehle.de/wopre/wp-content/uploads/2016/08/2016-08-28-E17_2-768x576.jpg 768w, https://www.feuerwehr-aumuehle.de/wopre/wp-content/uploads/2016/08/2016-08-28-E17_2.jpg 1024w" sizes="auto, (max-width: 300px) 100vw, 300px" /></a>
			</dt></dl>
			<br style='clear: both' />
		</div>
