{"id":2713,"date":"2017-01-27T09:01:00","date_gmt":"2017-01-27T08:01:00","guid":{"rendered":"http:\/\/www.feuerwehr-aumuehle.de\/wopre\/?post_type=einsatz&#038;p=2713"},"modified":"2017-04-05T19:54:55","modified_gmt":"2017-04-05T17:54:55","slug":"notfall-tuer-verschlossen-verletzte-person-vermutet","status":"publish","type":"einsatz","link":"https:\/\/www.feuerwehr-aumuehle.de\/wopre\/einsaetze\/notfall-tuer-verschlossen-verletzte-person-vermutet\/","title":{"rendered":"Notfall T\u00fcr verschlossen &#8211; verletzte Person vermutet"},"content":{"rendered":"<p>Die T\u00fcr wurde im Beisein der Polizei ge\u00f6ffnet, jedoch befand sich keine Person in der Wohnung. Die Einsatzstelle wurde an die Polizei \u00fcbergeben.<\/p>\n","protected":false},"author":4,"featured_media":0,"template":"","meta":{"einsatz_weight":1,"footnotes":""},"categories":[],"tags":[],"einsatzart":[],"fahrzeug":[163],"exteinsatzmittel":[43,99],"alarmierungsart":[7],"evw_unit":[],"class_list":["post-2713","einsatz","type-einsatz","status-publish","hentry","fahrzeug-hlf","exteinsatzmittel-polizei","exteinsatzmittel-rettungsdienst","alarmierungsart-dme"],"_links":{"self":[{"href":"https:\/\/www.feuerwehr-aumuehle.de\/wopre\/wp-json\/wp\/v2\/einsatz\/2713","targetHints":{"allow":["GET"]}}],"collection":[{"href":"https:\/\/www.feuerwehr-aumuehle.de\/wopre\/wp-json\/wp\/v2\/einsatz"}],"about":[{"href":"https:\/\/www.feuerwehr-aumuehle.de\/wopre\/wp-json\/wp\/v2\/types\/einsatz"}],"author":[{"embeddable":true,"href":"https:\/\/www.feuerwehr-aumuehle.de\/wopre\/wp-json\/wp\/v2\/users\/4"}],"version-history":[{"count":4,"href":"https:\/\/www.feuerwehr-aumuehle.de\/wopre\/wp-json\/wp\/v2\/einsatz\/2713\/revisions"}],"predecessor-version":[{"id":2718,"href":"https:\/\/www.feuerwehr-aumuehle.de\/wopre\/wp-json\/wp\/v2\/einsatz\/2713\/revisions\/2718"}],"wp:attachment":[{"href":"https:\/\/www.feuerwehr-aumuehle.de\/wopre\/wp-json\/wp\/v2\/media?parent=2713"}],"wp:term":[{"taxonomy":"category","embeddable":true,"href":"https:\/\/www.feuerwehr-aumuehle.de\/wopre\/wp-json\/wp\/v2\/categories?post=2713"},{"taxonomy":"post_tag","embeddable":true,"href":"https:\/\/www.feuerwehr-aumuehle.de\/wopre\/wp-json\/wp\/v2\/tags?post=2713"},{"taxonomy":"einsatzart","embeddable":true,"href":"https:\/\/www.feuerwehr-aumuehle.de\/wopre\/wp-json\/wp\/v2\/einsatzart?post=2713"},{"taxonomy":"fahrzeug","embeddable":true,"href":"https:\/\/www.feuerwehr-aumuehle.de\/wopre\/wp-json\/wp\/v2\/fahrzeug?post=2713"},{"taxonomy":"exteinsatzmittel","embeddable":true,"href":"https:\/\/www.feuerwehr-aumuehle.de\/wopre\/wp-json\/wp\/v2\/exteinsatzmittel?post=2713"},{"taxonomy":"alarmierungsart","embeddable":true,"href":"https:\/\/www.feuerwehr-aumuehle.de\/wopre\/wp-json\/wp\/v2\/alarmierungsart?post=2713"},{"taxonomy":"evw_unit","embeddable":true,"href":"https:\/\/www.feuerwehr-aumuehle.de\/wopre\/wp-json\/wp\/v2\/evw_unit?post=2713"}],"curies":[{"name":"wp","href":"https:\/\/api.w.org\/{rel}","templated":true}]}}

Notfall Tür verschlossen &#8211; verletzte Person vermutet

<p>Die Tür wurde im Beisein der Polizei geöffnet, jedoch befand sich keine Person in der Wohnung. Die Einsatzstelle wurde an die Polizei übergeben.</p>
