{"id":2745,"date":"2017-03-03T11:09:00","date_gmt":"2017-03-03T10:09:00","guid":{"rendered":"http:\/\/www.feuerwehr-aumuehle.de\/wopre\/?post_type=einsatz&#038;p=2745"},"modified":"2017-04-05T19:54:56","modified_gmt":"2017-04-05T17:54:56","slug":"notfall-tragehilfe-fuer-den-rettungsdienst","status":"publish","type":"einsatz","link":"https:\/\/www.feuerwehr-aumuehle.de\/wopre\/einsaetze\/notfall-tragehilfe-fuer-den-rettungsdienst\/","title":{"rendered":"Notfall &#8211; Tragehilfe f\u00fcr den Rettungsdienst"},"content":{"rendered":"<p>Eine im Sachsenwald verungl\u00fcckte Person musst rettungsdienstlich versorgt werden. Zur Unterst\u00fctzung wurde die Freiwillige Feuerwehr Aum\u00fchle mitalarmiert, musste jedoch nicht t\u00e4tig werden.<\/p>\n","protected":false},"author":2,"featured_media":0,"template":"","meta":{"einsatz_weight":1,"footnotes":""},"categories":[],"tags":[],"einsatzart":[],"fahrzeug":[163],"exteinsatzmittel":[44,43,42],"alarmierungsart":[7],"evw_unit":[],"class_list":["post-2745","einsatz","type-einsatz","status-publish","hentry","fahrzeug-hlf","exteinsatzmittel-nef","exteinsatzmittel-polizei","exteinsatzmittel-rtw","alarmierungsart-dme"],"_links":{"self":[{"href":"https:\/\/www.feuerwehr-aumuehle.de\/wopre\/wp-json\/wp\/v2\/einsatz\/2745","targetHints":{"allow":["GET"]}}],"collection":[{"href":"https:\/\/www.feuerwehr-aumuehle.de\/wopre\/wp-json\/wp\/v2\/einsatz"}],"about":[{"href":"https:\/\/www.feuerwehr-aumuehle.de\/wopre\/wp-json\/wp\/v2\/types\/einsatz"}],"author":[{"embeddable":true,"href":"https:\/\/www.feuerwehr-aumuehle.de\/wopre\/wp-json\/wp\/v2\/users\/2"}],"version-history":[{"count":1,"href":"https:\/\/www.feuerwehr-aumuehle.de\/wopre\/wp-json\/wp\/v2\/einsatz\/2745\/revisions"}],"predecessor-version":[{"id":2746,"href":"https:\/\/www.feuerwehr-aumuehle.de\/wopre\/wp-json\/wp\/v2\/einsatz\/2745\/revisions\/2746"}],"wp:attachment":[{"href":"https:\/\/www.feuerwehr-aumuehle.de\/wopre\/wp-json\/wp\/v2\/media?parent=2745"}],"wp:term":[{"taxonomy":"category","embeddable":true,"href":"https:\/\/www.feuerwehr-aumuehle.de\/wopre\/wp-json\/wp\/v2\/categories?post=2745"},{"taxonomy":"post_tag","embeddable":true,"href":"https:\/\/www.feuerwehr-aumuehle.de\/wopre\/wp-json\/wp\/v2\/tags?post=2745"},{"taxonomy":"einsatzart","embeddable":true,"href":"https:\/\/www.feuerwehr-aumuehle.de\/wopre\/wp-json\/wp\/v2\/einsatzart?post=2745"},{"taxonomy":"fahrzeug","embeddable":true,"href":"https:\/\/www.feuerwehr-aumuehle.de\/wopre\/wp-json\/wp\/v2\/fahrzeug?post=2745"},{"taxonomy":"exteinsatzmittel","embeddable":true,"href":"https:\/\/www.feuerwehr-aumuehle.de\/wopre\/wp-json\/wp\/v2\/exteinsatzmittel?post=2745"},{"taxonomy":"alarmierungsart","embeddable":true,"href":"https:\/\/www.feuerwehr-aumuehle.de\/wopre\/wp-json\/wp\/v2\/alarmierungsart?post=2745"},{"taxonomy":"evw_unit","embeddable":true,"href":"https:\/\/www.feuerwehr-aumuehle.de\/wopre\/wp-json\/wp\/v2\/evw_unit?post=2745"}],"curies":[{"name":"wp","href":"https:\/\/api.w.org\/{rel}","templated":true}]}}

Notfall &#8211; Tragehilfe für den Rettungsdienst

<p>Eine im Sachsenwald verunglückte Person musst rettungsdienstlich versorgt werden. Zur Unterstützung wurde die Freiwillige Feuerwehr Aumühle mitalarmiert, musste jedoch nicht tätig werden.</p>
