{"id":3536,"date":"2018-05-29T22:56:00","date_gmt":"2018-05-29T20:56:00","guid":{"rendered":"https:\/\/www.feuerwehr-aumuehle.de\/wopre\/?post_type=einsatz&#038;p=3536"},"modified":"2019-01-02T21:44:33","modified_gmt":"2019-01-02T20:44:33","slug":"th-k-drzf-ast-abgebrochen-und-haengt-in-ca-8m-hoehe","status":"publish","type":"einsatz","link":"https:\/\/www.feuerwehr-aumuehle.de\/wopre\/einsaetze\/th-k-drzf-ast-abgebrochen-und-haengt-in-ca-8m-hoehe\/","title":{"rendered":"TH K DRZF &#8211; Ast abgebrochen und h\u00e4ngt in ca. 8m H\u00f6he"},"content":{"rendered":"<p>Ein gro\u00dfer Ast einer Eiche war abgebrochen und hing in ca. 8 Meter H\u00f6he fest. Dabei reichte er teilweise bis auf die Stra\u00dfe.<br \/>\nMithilfe der Drehleiter der FF Wentorf wurde der Ast endg\u00fcltig abges\u00e4gt, anschlie\u00dfend zerkleinert und die Stra\u00dfe freiger\u00e4umt.<\/p>\n","protected":false},"author":2,"featured_media":0,"template":"","meta":{"einsatz_weight":1,"footnotes":""},"categories":[],"tags":[],"einsatzart":[210],"fahrzeug":[163],"exteinsatzmittel":[9],"alarmierungsart":[7],"evw_unit":[],"class_list":["post-3536","einsatz","type-einsatz","status-publish","hentry","einsatzart-thdrzf","fahrzeug-hlf","exteinsatzmittel-ff-wentorf","alarmierungsart-dme"],"_links":{"self":[{"href":"https:\/\/www.feuerwehr-aumuehle.de\/wopre\/wp-json\/wp\/v2\/einsatz\/3536","targetHints":{"allow":["GET"]}}],"collection":[{"href":"https:\/\/www.feuerwehr-aumuehle.de\/wopre\/wp-json\/wp\/v2\/einsatz"}],"about":[{"href":"https:\/\/www.feuerwehr-aumuehle.de\/wopre\/wp-json\/wp\/v2\/types\/einsatz"}],"author":[{"embeddable":true,"href":"https:\/\/www.feuerwehr-aumuehle.de\/wopre\/wp-json\/wp\/v2\/users\/2"}],"version-history":[{"count":1,"href":"https:\/\/www.feuerwehr-aumuehle.de\/wopre\/wp-json\/wp\/v2\/einsatz\/3536\/revisions"}],"predecessor-version":[{"id":3537,"href":"https:\/\/www.feuerwehr-aumuehle.de\/wopre\/wp-json\/wp\/v2\/einsatz\/3536\/revisions\/3537"}],"wp:attachment":[{"href":"https:\/\/www.feuerwehr-aumuehle.de\/wopre\/wp-json\/wp\/v2\/media?parent=3536"}],"wp:term":[{"taxonomy":"category","embeddable":true,"href":"https:\/\/www.feuerwehr-aumuehle.de\/wopre\/wp-json\/wp\/v2\/categories?post=3536"},{"taxonomy":"post_tag","embeddable":true,"href":"https:\/\/www.feuerwehr-aumuehle.de\/wopre\/wp-json\/wp\/v2\/tags?post=3536"},{"taxonomy":"einsatzart","embeddable":true,"href":"https:\/\/www.feuerwehr-aumuehle.de\/wopre\/wp-json\/wp\/v2\/einsatzart?post=3536"},{"taxonomy":"fahrzeug","embeddable":true,"href":"https:\/\/www.feuerwehr-aumuehle.de\/wopre\/wp-json\/wp\/v2\/fahrzeug?post=3536"},{"taxonomy":"exteinsatzmittel","embeddable":true,"href":"https:\/\/www.feuerwehr-aumuehle.de\/wopre\/wp-json\/wp\/v2\/exteinsatzmittel?post=3536"},{"taxonomy":"alarmierungsart","embeddable":true,"href":"https:\/\/www.feuerwehr-aumuehle.de\/wopre\/wp-json\/wp\/v2\/alarmierungsart?post=3536"},{"taxonomy":"evw_unit","embeddable":true,"href":"https:\/\/www.feuerwehr-aumuehle.de\/wopre\/wp-json\/wp\/v2\/evw_unit?post=3536"}],"curies":[{"name":"wp","href":"https:\/\/api.w.org\/{rel}","templated":true}]}}

TH K DRZF &#8211; Ast abgebrochen und hängt in ca. 8m Höhe

<p>Ein großer Ast einer Eiche war abgebrochen und hing in ca. 8 Meter Höhe fest. Dabei reichte er teilweise bis auf die Straße.<br />
Mithilfe der Drehleiter der FF Wentorf wurde der Ast endgültig abgesägt, anschließend zerkleinert und die Straße freigeräumt.</p>
