{"id":3552,"date":"2018-06-09T13:36:00","date_gmt":"2018-06-09T11:36:00","guid":{"rendered":"https:\/\/www.feuerwehr-aumuehle.de\/wopre\/?post_type=einsatz&#038;p=3552"},"modified":"2019-01-02T21:44:21","modified_gmt":"2019-01-02T20:44:21","slug":"feu-k-brennt-unrat","status":"publish","type":"einsatz","link":"https:\/\/www.feuerwehr-aumuehle.de\/wopre\/einsaetze\/feu-k-brennt-unrat\/","title":{"rendered":"FEU K &#8211; Brennt Unrat"},"content":{"rendered":"<p>Beim Vorbeifahren mit dem <a href=\"https:\/\/www.feuerwehr-aumuehle.de\/wopre\/ueber-uns\/fahrzeuge\/\">MZF<\/a>, viel ein durch Gartenarbeiten mit einem Bunsenbrenner entstandenes Feuer in einer Hecke auf. Beim Eintreffen mit Kleinl\u00f6schger\u00e4t an der Einsatzstelle, war der Brand bereits durch den Verursacher abgel\u00f6scht.<\/p>\n","protected":false},"author":2,"featured_media":0,"template":"","meta":{"einsatz_weight":1,"footnotes":""},"categories":[],"tags":[],"einsatzart":[202],"fahrzeug":[8],"exteinsatzmittel":[],"alarmierungsart":[154],"evw_unit":[],"class_list":["post-3552","einsatz","type-einsatz","status-publish","hentry","einsatzart-feuk","fahrzeug-mzf","alarmierungsart-eigenalarmierung"],"_links":{"self":[{"href":"https:\/\/www.feuerwehr-aumuehle.de\/wopre\/wp-json\/wp\/v2\/einsatz\/3552","targetHints":{"allow":["GET"]}}],"collection":[{"href":"https:\/\/www.feuerwehr-aumuehle.de\/wopre\/wp-json\/wp\/v2\/einsatz"}],"about":[{"href":"https:\/\/www.feuerwehr-aumuehle.de\/wopre\/wp-json\/wp\/v2\/types\/einsatz"}],"author":[{"embeddable":true,"href":"https:\/\/www.feuerwehr-aumuehle.de\/wopre\/wp-json\/wp\/v2\/users\/2"}],"version-history":[{"count":1,"href":"https:\/\/www.feuerwehr-aumuehle.de\/wopre\/wp-json\/wp\/v2\/einsatz\/3552\/revisions"}],"predecessor-version":[{"id":3553,"href":"https:\/\/www.feuerwehr-aumuehle.de\/wopre\/wp-json\/wp\/v2\/einsatz\/3552\/revisions\/3553"}],"wp:attachment":[{"href":"https:\/\/www.feuerwehr-aumuehle.de\/wopre\/wp-json\/wp\/v2\/media?parent=3552"}],"wp:term":[{"taxonomy":"category","embeddable":true,"href":"https:\/\/www.feuerwehr-aumuehle.de\/wopre\/wp-json\/wp\/v2\/categories?post=3552"},{"taxonomy":"post_tag","embeddable":true,"href":"https:\/\/www.feuerwehr-aumuehle.de\/wopre\/wp-json\/wp\/v2\/tags?post=3552"},{"taxonomy":"einsatzart","embeddable":true,"href":"https:\/\/www.feuerwehr-aumuehle.de\/wopre\/wp-json\/wp\/v2\/einsatzart?post=3552"},{"taxonomy":"fahrzeug","embeddable":true,"href":"https:\/\/www.feuerwehr-aumuehle.de\/wopre\/wp-json\/wp\/v2\/fahrzeug?post=3552"},{"taxonomy":"exteinsatzmittel","embeddable":true,"href":"https:\/\/www.feuerwehr-aumuehle.de\/wopre\/wp-json\/wp\/v2\/exteinsatzmittel?post=3552"},{"taxonomy":"alarmierungsart","embeddable":true,"href":"https:\/\/www.feuerwehr-aumuehle.de\/wopre\/wp-json\/wp\/v2\/alarmierungsart?post=3552"},{"taxonomy":"evw_unit","embeddable":true,"href":"https:\/\/www.feuerwehr-aumuehle.de\/wopre\/wp-json\/wp\/v2\/evw_unit?post=3552"}],"curies":[{"name":"wp","href":"https:\/\/api.w.org\/{rel}","templated":true}]}}

<p>Beim Vorbeifahren mit dem <a href="https://www.feuerwehr-aumuehle.de/wopre/ueber-uns/fahrzeuge/">MZF</a>, viel ein durch Gartenarbeiten mit einem Bunsenbrenner entstandenes Feuer in einer Hecke auf. Beim Eintreffen mit Kleinlöschgerät an der Einsatzstelle, war der Brand bereits durch den Verursacher abgelöscht.</p>
