{"id":4368,"date":"2020-04-21T14:53:00","date_gmt":"2020-04-21T12:53:00","guid":{"rendered":"https:\/\/www.feuerwehr-aumuehle.de\/wopre\/?post_type=einsatz&#038;p=4368"},"modified":"2020-04-21T20:32:30","modified_gmt":"2020-04-21T18:32:30","slug":"feu-garagenbrand","status":"publish","type":"einsatz","link":"https:\/\/www.feuerwehr-aumuehle.de\/wopre\/einsaetze\/feu-garagenbrand\/","title":{"rendered":"FEU &#8211; Garagenbrand"},"content":{"rendered":"\n<p>Beim Arbeiten mit einem Hei\u00dfger\u00e4t an einer Garage in Wohltorf kam es zu einem Brand im Bereich einer Holzdecke. Diese wurde unter umluftunabh\u00e4ngigem Atemschutz ge\u00f6ffnet und die Brandstelle abgel\u00f6scht. Anschlie\u00dfend wurde der Deckenbereich mit einer W\u00e4rmebildkamera auf verbleibende Glutnester \u00fcberpr\u00fcft.<\/p>\n\n\n\n<p>Die Aum\u00fchler Einsatzkr\u00e4fte unterst\u00fctzten zusammen mit der <a rel=\"noreferrer noopener\" href=\"https:\/\/www.feuerwehr-wentorf.de\/\" target=\"_blank\">Freiwilligen Feuerwehr Wentorf<\/a> die Kamerad:innen der <a rel=\"noreferrer noopener\" href=\"https:\/\/www.feuerwehr-wohltorf.de\/\" target=\"_blank\">Freiwilligen Feuerwehr Wohltorf<\/a>.<\/p>\n\n\n\n<hr class=\"wp-block-separator\"\/>\n\n\n\n<figure class=\"wp-block-image size-large\"><a  href=\"https:\/\/www.feuerwehr-aumuehle.de\/wopre\/wp-content\/uploads\/2020\/04\/2020-04-21-e019-garagenbrand.jpg\" data-rel=\"gallery-gallery-0\" data-rl_title=\"\" data-rl_caption=\"\" title=\"\"><img loading=\"lazy\" decoding=\"async\" width=\"1024\" height=\"1024\" src=\"https:\/\/www.feuerwehr-aumuehle.de\/wopre\/wp-content\/uploads\/2020\/04\/2020-04-21-e019-garagenbrand-1024x1024.jpg\" alt=\"\" class=\"wp-image-4369\" srcset=\"https:\/\/www.feuerwehr-aumuehle.de\/wopre\/wp-content\/uploads\/2020\/04\/2020-04-21-e019-garagenbrand-1024x1024.jpg 1024w, https:\/\/www.feuerwehr-aumuehle.de\/wopre\/wp-content\/uploads\/2020\/04\/2020-04-21-e019-garagenbrand-300x300.jpg 300w, https:\/\/www.feuerwehr-aumuehle.de\/wopre\/wp-content\/uploads\/2020\/04\/2020-04-21-e019-garagenbrand-150x150.jpg 150w, https:\/\/www.feuerwehr-aumuehle.de\/wopre\/wp-content\/uploads\/2020\/04\/2020-04-21-e019-garagenbrand-768x768.jpg 768w, https:\/\/www.feuerwehr-aumuehle.de\/wopre\/wp-content\/uploads\/2020\/04\/2020-04-21-e019-garagenbrand-75x75.jpg 75w, https:\/\/www.feuerwehr-aumuehle.de\/wopre\/wp-content\/uploads\/2020\/04\/2020-04-21-e019-garagenbrand-960x960.jpg 960w, https:\/\/www.feuerwehr-aumuehle.de\/wopre\/wp-content\/uploads\/2020\/04\/2020-04-21-e019-garagenbrand-180x180.jpg 180w, https:\/\/www.feuerwehr-aumuehle.de\/wopre\/wp-content\/uploads\/2020\/04\/2020-04-21-e019-garagenbrand-55x55.jpg 55w, https:\/\/www.feuerwehr-aumuehle.de\/wopre\/wp-content\/uploads\/2020\/04\/2020-04-21-e019-garagenbrand.jpg 1500w\" sizes=\"auto, (max-width: 1024px) 100vw, 1024px\" \/><\/a><\/figure>\n","protected":false},"author":2,"featured_media":0,"template":"","meta":{"einsatz_weight":1,"footnotes":""},"categories":[],"tags":[],"einsatzart":[200],"fahrzeug":[163,4],"exteinsatzmittel":[9,6,43,99],"alarmierungsart":[228,41,229],"evw_unit":[],"class_list":["post-4368","einsatz","type-einsatz","status-publish","hentry","einsatzart-feu","fahrzeug-hlf","fahrzeug-lf","exteinsatzmittel-ff-wentorf","exteinsatzmittel-ff-wohltorf","exteinsatzmittel-polizei","exteinsatzmittel-rettungsdienst","alarmierungsart-funkmeldeempfaenger","alarmierungsart-sirene","alarmierungsart-smartphone-app"],"_links":{"self":[{"href":"https:\/\/www.feuerwehr-aumuehle.de\/wopre\/wp-json\/wp\/v2\/einsatz\/4368","targetHints":{"allow":["GET"]}}],"collection":[{"href":"https:\/\/www.feuerwehr-aumuehle.de\/wopre\/wp-json\/wp\/v2\/einsatz"}],"about":[{"href":"https:\/\/www.feuerwehr-aumuehle.de\/wopre\/wp-json\/wp\/v2\/types\/einsatz"}],"author":[{"embeddable":true,"href":"https:\/\/www.feuerwehr-aumuehle.de\/wopre\/wp-json\/wp\/v2\/users\/2"}],"version-history":[{"count":3,"href":"https:\/\/www.feuerwehr-aumuehle.de\/wopre\/wp-json\/wp\/v2\/einsatz\/4368\/revisions"}],"predecessor-version":[{"id":4373,"href":"https:\/\/www.feuerwehr-aumuehle.de\/wopre\/wp-json\/wp\/v2\/einsatz\/4368\/revisions\/4373"}],"wp:attachment":[{"href":"https:\/\/www.feuerwehr-aumuehle.de\/wopre\/wp-json\/wp\/v2\/media?parent=4368"}],"wp:term":[{"taxonomy":"category","embeddable":true,"href":"https:\/\/www.feuerwehr-aumuehle.de\/wopre\/wp-json\/wp\/v2\/categories?post=4368"},{"taxonomy":"post_tag","embeddable":true,"href":"https:\/\/www.feuerwehr-aumuehle.de\/wopre\/wp-json\/wp\/v2\/tags?post=4368"},{"taxonomy":"einsatzart","embeddable":true,"href":"https:\/\/www.feuerwehr-aumuehle.de\/wopre\/wp-json\/wp\/v2\/einsatzart?post=4368"},{"taxonomy":"fahrzeug","embeddable":true,"href":"https:\/\/www.feuerwehr-aumuehle.de\/wopre\/wp-json\/wp\/v2\/fahrzeug?post=4368"},{"taxonomy":"exteinsatzmittel","embeddable":true,"href":"https:\/\/www.feuerwehr-aumuehle.de\/wopre\/wp-json\/wp\/v2\/exteinsatzmittel?post=4368"},{"taxonomy":"alarmierungsart","embeddable":true,"href":"https:\/\/www.feuerwehr-aumuehle.de\/wopre\/wp-json\/wp\/v2\/alarmierungsart?post=4368"},{"taxonomy":"evw_unit","embeddable":true,"href":"https:\/\/www.feuerwehr-aumuehle.de\/wopre\/wp-json\/wp\/v2\/evw_unit?post=4368"}],"curies":[{"name":"wp","href":"https:\/\/api.w.org\/{rel}","templated":true}]}}

<p>Beim Arbeiten mit einem Heißgerät an einer Garage in Wohltorf kam es zu einem Brand im Bereich einer Holzdecke. Diese wurde unter umluftunabhängigem Atemschutz geöffnet und die Brandstelle abgelöscht. Anschließend wurde der Deckenbereich mit einer Wärmebildkamera auf verbleibende Glutnester überprüft.</p>



<p>Die Aumühler Einsatzkräfte unterstützten zusammen mit der <a rel="noreferrer noopener" href="https://www.feuerwehr-wentorf.de/" target="_blank">Freiwilligen Feuerwehr Wentorf</a> die Kamerad:innen der <a rel="noreferrer noopener" href="https://www.feuerwehr-wohltorf.de/" target="_blank">Freiwilligen Feuerwehr Wohltorf</a>.</p>



<hr class="wp-block-separator"/>



<figure class="wp-block-image size-large"><a  href="https://www.feuerwehr-aumuehle.de/wopre/wp-content/uploads/2020/04/2020-04-21-e019-garagenbrand.jpg" data-rel="gallery-gallery-0" data-rl_title="" data-rl_caption="" title=""><img loading="lazy" decoding="async" width="1024" height="1024" src="https://www.feuerwehr-aumuehle.de/wopre/wp-content/uploads/2020/04/2020-04-21-e019-garagenbrand-1024x1024.jpg" alt="" class="wp-image-4369" srcset="https://www.feuerwehr-aumuehle.de/wopre/wp-content/uploads/2020/04/2020-04-21-e019-garagenbrand-1024x1024.jpg 1024w, https://www.feuerwehr-aumuehle.de/wopre/wp-content/uploads/2020/04/2020-04-21-e019-garagenbrand-300x300.jpg 300w, https://www.feuerwehr-aumuehle.de/wopre/wp-content/uploads/2020/04/2020-04-21-e019-garagenbrand-150x150.jpg 150w, https://www.feuerwehr-aumuehle.de/wopre/wp-content/uploads/2020/04/2020-04-21-e019-garagenbrand-768x768.jpg 768w, https://www.feuerwehr-aumuehle.de/wopre/wp-content/uploads/2020/04/2020-04-21-e019-garagenbrand-75x75.jpg 75w, https://www.feuerwehr-aumuehle.de/wopre/wp-content/uploads/2020/04/2020-04-21-e019-garagenbrand-960x960.jpg 960w, https://www.feuerwehr-aumuehle.de/wopre/wp-content/uploads/2020/04/2020-04-21-e019-garagenbrand-180x180.jpg 180w, https://www.feuerwehr-aumuehle.de/wopre/wp-content/uploads/2020/04/2020-04-21-e019-garagenbrand-55x55.jpg 55w, https://www.feuerwehr-aumuehle.de/wopre/wp-content/uploads/2020/04/2020-04-21-e019-garagenbrand.jpg 1500w" sizes="auto, (max-width: 1024px) 100vw, 1024px" /></a></figure>
