{"id":4440,"date":"2020-07-05T17:14:00","date_gmt":"2020-07-05T15:14:00","guid":{"rendered":"https:\/\/www.feuerwehr-aumuehle.de\/wopre\/?post_type=einsatz&#038;p=4440"},"modified":"2020-07-05T20:07:56","modified_gmt":"2020-07-05T18:07:56","slug":"th-k-baum-auf-strasse-14","status":"publish","type":"einsatz","link":"https:\/\/www.feuerwehr-aumuehle.de\/wopre\/einsaetze\/th-k-baum-auf-strasse-14\/","title":{"rendered":"TH K &#8211; Baum auf Stra\u00dfe"},"content":{"rendered":"\n<p>Ein Baum war auf die Stra\u00dfe gest\u00fcrzt und wurde mittels Motorkettens\u00e4ge zerkleinert. W\u00e4hrend des Einsatzes kam es zur Vollsperrung des Kreuzungsbereiches durch die Polizei.<\/p>\n\n\n\n<hr class=\"wp-block-separator\"\/>\n\n\n\n<figure class=\"wp-block-image size-medium\"><img loading=\"lazy\" decoding=\"async\" width=\"300\" height=\"300\" src=\"https:\/\/www.feuerwehr-aumuehle.de\/wopre\/wp-content\/uploads\/2020\/07\/2020-07-05-E035-thk_bas_fb-300x300.jpg\" alt=\"\" class=\"wp-image-4441\" srcset=\"https:\/\/www.feuerwehr-aumuehle.de\/wopre\/wp-content\/uploads\/2020\/07\/2020-07-05-E035-thk_bas_fb-300x300.jpg 300w, https:\/\/www.feuerwehr-aumuehle.de\/wopre\/wp-content\/uploads\/2020\/07\/2020-07-05-E035-thk_bas_fb-1024x1024.jpg 1024w, https:\/\/www.feuerwehr-aumuehle.de\/wopre\/wp-content\/uploads\/2020\/07\/2020-07-05-E035-thk_bas_fb-150x150.jpg 150w, https:\/\/www.feuerwehr-aumuehle.de\/wopre\/wp-content\/uploads\/2020\/07\/2020-07-05-E035-thk_bas_fb-768x768.jpg 768w, https:\/\/www.feuerwehr-aumuehle.de\/wopre\/wp-content\/uploads\/2020\/07\/2020-07-05-E035-thk_bas_fb-75x75.jpg 75w, https:\/\/www.feuerwehr-aumuehle.de\/wopre\/wp-content\/uploads\/2020\/07\/2020-07-05-E035-thk_bas_fb-960x960.jpg 960w, https:\/\/www.feuerwehr-aumuehle.de\/wopre\/wp-content\/uploads\/2020\/07\/2020-07-05-E035-thk_bas_fb-180x180.jpg 180w, https:\/\/www.feuerwehr-aumuehle.de\/wopre\/wp-content\/uploads\/2020\/07\/2020-07-05-E035-thk_bas_fb-55x55.jpg 55w, https:\/\/www.feuerwehr-aumuehle.de\/wopre\/wp-content\/uploads\/2020\/07\/2020-07-05-E035-thk_bas_fb.jpg 1280w\" sizes=\"auto, (max-width: 300px) 100vw, 300px\" \/><\/figure>\n","protected":false},"author":2,"featured_media":0,"template":"","meta":{"einsatz_weight":1,"footnotes":""},"categories":[],"tags":[],"einsatzart":[207],"fahrzeug":[4],"exteinsatzmittel":[43],"alarmierungsart":[234],"evw_unit":[],"class_list":["post-4440","einsatz","type-einsatz","status-publish","hentry","einsatzart-thk","fahrzeug-lf","exteinsatzmittel-polizei","alarmierungsart-funk"],"_links":{"self":[{"href":"https:\/\/www.feuerwehr-aumuehle.de\/wopre\/wp-json\/wp\/v2\/einsatz\/4440","targetHints":{"allow":["GET"]}}],"collection":[{"href":"https:\/\/www.feuerwehr-aumuehle.de\/wopre\/wp-json\/wp\/v2\/einsatz"}],"about":[{"href":"https:\/\/www.feuerwehr-aumuehle.de\/wopre\/wp-json\/wp\/v2\/types\/einsatz"}],"author":[{"embeddable":true,"href":"https:\/\/www.feuerwehr-aumuehle.de\/wopre\/wp-json\/wp\/v2\/users\/2"}],"version-history":[{"count":1,"href":"https:\/\/www.feuerwehr-aumuehle.de\/wopre\/wp-json\/wp\/v2\/einsatz\/4440\/revisions"}],"predecessor-version":[{"id":4442,"href":"https:\/\/www.feuerwehr-aumuehle.de\/wopre\/wp-json\/wp\/v2\/einsatz\/4440\/revisions\/4442"}],"wp:attachment":[{"href":"https:\/\/www.feuerwehr-aumuehle.de\/wopre\/wp-json\/wp\/v2\/media?parent=4440"}],"wp:term":[{"taxonomy":"category","embeddable":true,"href":"https:\/\/www.feuerwehr-aumuehle.de\/wopre\/wp-json\/wp\/v2\/categories?post=4440"},{"taxonomy":"post_tag","embeddable":true,"href":"https:\/\/www.feuerwehr-aumuehle.de\/wopre\/wp-json\/wp\/v2\/tags?post=4440"},{"taxonomy":"einsatzart","embeddable":true,"href":"https:\/\/www.feuerwehr-aumuehle.de\/wopre\/wp-json\/wp\/v2\/einsatzart?post=4440"},{"taxonomy":"fahrzeug","embeddable":true,"href":"https:\/\/www.feuerwehr-aumuehle.de\/wopre\/wp-json\/wp\/v2\/fahrzeug?post=4440"},{"taxonomy":"exteinsatzmittel","embeddable":true,"href":"https:\/\/www.feuerwehr-aumuehle.de\/wopre\/wp-json\/wp\/v2\/exteinsatzmittel?post=4440"},{"taxonomy":"alarmierungsart","embeddable":true,"href":"https:\/\/www.feuerwehr-aumuehle.de\/wopre\/wp-json\/wp\/v2\/alarmierungsart?post=4440"},{"taxonomy":"evw_unit","embeddable":true,"href":"https:\/\/www.feuerwehr-aumuehle.de\/wopre\/wp-json\/wp\/v2\/evw_unit?post=4440"}],"curies":[{"name":"wp","href":"https:\/\/api.w.org\/{rel}","templated":true}]}}

TH K &#8211; Baum auf Straße

<p>Ein Baum war auf die Straße gestürzt und wurde mittels Motorkettensäge zerkleinert. Während des Einsatzes kam es zur Vollsperrung des Kreuzungsbereiches durch die Polizei.</p>



<hr class="wp-block-separator"/>



<figure class="wp-block-image size-medium"><img loading="lazy" decoding="async" width="300" height="300" src="https://www.feuerwehr-aumuehle.de/wopre/wp-content/uploads/2020/07/2020-07-05-E035-thk_bas_fb-300x300.jpg" alt="" class="wp-image-4441" srcset="https://www.feuerwehr-aumuehle.de/wopre/wp-content/uploads/2020/07/2020-07-05-E035-thk_bas_fb-300x300.jpg 300w, https://www.feuerwehr-aumuehle.de/wopre/wp-content/uploads/2020/07/2020-07-05-E035-thk_bas_fb-1024x1024.jpg 1024w, https://www.feuerwehr-aumuehle.de/wopre/wp-content/uploads/2020/07/2020-07-05-E035-thk_bas_fb-150x150.jpg 150w, https://www.feuerwehr-aumuehle.de/wopre/wp-content/uploads/2020/07/2020-07-05-E035-thk_bas_fb-768x768.jpg 768w, https://www.feuerwehr-aumuehle.de/wopre/wp-content/uploads/2020/07/2020-07-05-E035-thk_bas_fb-75x75.jpg 75w, https://www.feuerwehr-aumuehle.de/wopre/wp-content/uploads/2020/07/2020-07-05-E035-thk_bas_fb-960x960.jpg 960w, https://www.feuerwehr-aumuehle.de/wopre/wp-content/uploads/2020/07/2020-07-05-E035-thk_bas_fb-180x180.jpg 180w, https://www.feuerwehr-aumuehle.de/wopre/wp-content/uploads/2020/07/2020-07-05-E035-thk_bas_fb-55x55.jpg 55w, https://www.feuerwehr-aumuehle.de/wopre/wp-content/uploads/2020/07/2020-07-05-E035-thk_bas_fb.jpg 1280w" sizes="auto, (max-width: 300px) 100vw, 300px" /></figure>
