{"id":5467,"date":"2023-01-16T22:21:00","date_gmt":"2023-01-16T21:21:00","guid":{"rendered":"https:\/\/www.feuerwehr-aumuehle.de\/wopre\/?post_type=einsatz&#038;p=5467"},"modified":"2023-01-17T16:33:56","modified_gmt":"2023-01-17T15:33:56","slug":"th-bahn-y-person-unter-zug","status":"publish","type":"einsatz","link":"https:\/\/www.feuerwehr-aumuehle.de\/wopre\/einsaetze\/th-bahn-y-person-unter-zug\/","title":{"rendered":"TH BAHN Y &#8211; Person unter Zug"},"content":{"rendered":"\n<p>Der Lokf\u00fchrer eines ICEs meldete, dass es im Sachsenwald zu einer Kollision mit einem Objekt auf den Gleisen gekommen war. Umgehend wurden die Freiwilligen Feuerwehren aus Aum\u00fchle und Dassendorf zum stehenden Zug im Sachsenwald alarmiert. Bereits auf der Anfahrt wurde deutlich, dass sich der Zug mit Fahrtrichtung Hamburg, kurz hinter Schwarzenbek befindet. Daraufhin wurde zus\u00e4tzlich die FF Schwarzenbek nachgefordert, da diese eine k\u00fcrzere Anfahrt zum Einsatzort hatte.<\/p>\n\n\n\n<p>Die Erkundung vor Ort best\u00e4tigte einen Zusammensto\u00df, konnte kurze Zeit sp\u00e4ter jedoch auf ein Wildschwein zur\u00fcckgef\u00fchrt werden.<\/p>\n\n\n\n<p>Der mit alarmierte Notarzt sichtete die Fahrg\u00e4ste im Zug, sowie den Lokf\u00fchrer aus medizinischer Sicht.<\/p>\n\n\n\n<p>Nachdem der Einsatz f\u00fcr die Feuerwehren abgearbeitet war, wurde die Einsatzstelle an den DB Notfallmanager \u00fcbergeben, der sich um die weiteren Ma\u00dfnahmen seitens der Deutschen Bahn k\u00fcmmerte.<\/p>\n\n\n\n<figure class=\"wp-block-image size-medium\"><a  href=\"https:\/\/www.feuerwehr-aumuehle.de\/wopre\/wp-content\/uploads\/2023\/01\/2022-01-16-e003-thbahny-scaled.jpg\" data-rel=\"gallery-gallery-0\" data-rl_title=\"\" data-rl_caption=\"\" title=\"\"><img loading=\"lazy\" decoding=\"async\" width=\"300\" height=\"300\" src=\"https:\/\/www.feuerwehr-aumuehle.de\/wopre\/wp-content\/uploads\/2023\/01\/2022-01-16-e003-thbahny-300x300.jpg\" alt=\"\" class=\"wp-image-5471\" srcset=\"https:\/\/www.feuerwehr-aumuehle.de\/wopre\/wp-content\/uploads\/2023\/01\/2022-01-16-e003-thbahny-300x300.jpg 300w, https:\/\/www.feuerwehr-aumuehle.de\/wopre\/wp-content\/uploads\/2023\/01\/2022-01-16-e003-thbahny-1024x1024.jpg 1024w, https:\/\/www.feuerwehr-aumuehle.de\/wopre\/wp-content\/uploads\/2023\/01\/2022-01-16-e003-thbahny-150x150.jpg 150w, https:\/\/www.feuerwehr-aumuehle.de\/wopre\/wp-content\/uploads\/2023\/01\/2022-01-16-e003-thbahny-768x768.jpg 768w, https:\/\/www.feuerwehr-aumuehle.de\/wopre\/wp-content\/uploads\/2023\/01\/2022-01-16-e003-thbahny-1536x1536.jpg 1536w, https:\/\/www.feuerwehr-aumuehle.de\/wopre\/wp-content\/uploads\/2023\/01\/2022-01-16-e003-thbahny-2048x2048.jpg 2048w, https:\/\/www.feuerwehr-aumuehle.de\/wopre\/wp-content\/uploads\/2023\/01\/2022-01-16-e003-thbahny-600x600.jpg 600w, https:\/\/www.feuerwehr-aumuehle.de\/wopre\/wp-content\/uploads\/2023\/01\/2022-01-16-e003-thbahny-960x960.jpg 960w, https:\/\/www.feuerwehr-aumuehle.de\/wopre\/wp-content\/uploads\/2023\/01\/2022-01-16-e003-thbahny-180x180.jpg 180w, https:\/\/www.feuerwehr-aumuehle.de\/wopre\/wp-content\/uploads\/2023\/01\/2022-01-16-e003-thbahny-55x55.jpg 55w\" sizes=\"auto, (max-width: 300px) 100vw, 300px\" \/><\/a><\/figure>\n\n\n\n<h2 class=\"wp-block-heading\">externe Berichte<\/h2>\n\n\n\n<p><a href=\"https:\/\/www.feuerwehr-dassendorf.de\/einsaetze\/uebersicht-einsaetze-2023\/einsatz\/person-unter-zug-y-th-bahn-y-2.html\">Einsatzbericht FF Dassendorf &#8211; mit Bildern<\/a><\/p>\n","protected":false},"author":2,"featured_media":5471,"template":"","meta":{"einsatz_weight":1,"footnotes":""},"categories":[],"tags":[],"einsatzart":[241],"fahrzeug":[163,4,8],"exteinsatzmittel":[194,98,183,43,99],"alarmierungsart":[228,41,229],"evw_unit":[],"class_list":["post-5467","einsatz","type-einsatz","status-publish","has-post-thumbnail","hentry","einsatzart-th-bahn-y","fahrzeug-hlf","fahrzeug-lf","fahrzeug-mzf","exteinsatzmittel-db-notfallmanager","exteinsatzmittel-ff-dassendorf","exteinsatzmittel-ff-schwarzenbek","exteinsatzmittel-polizei","exteinsatzmittel-rettungsdienst","alarmierungsart-funkmeldeempfaenger","alarmierungsart-sirene","alarmierungsart-smartphone-app"],"_links":{"self":[{"href":"https:\/\/www.feuerwehr-aumuehle.de\/wopre\/wp-json\/wp\/v2\/einsatz\/5467","targetHints":{"allow":["GET"]}}],"collection":[{"href":"https:\/\/www.feuerwehr-aumuehle.de\/wopre\/wp-json\/wp\/v2\/einsatz"}],"about":[{"href":"https:\/\/www.feuerwehr-aumuehle.de\/wopre\/wp-json\/wp\/v2\/types\/einsatz"}],"author":[{"embeddable":true,"href":"https:\/\/www.feuerwehr-aumuehle.de\/wopre\/wp-json\/wp\/v2\/users\/2"}],"version-history":[{"count":5,"href":"https:\/\/www.feuerwehr-aumuehle.de\/wopre\/wp-json\/wp\/v2\/einsatz\/5467\/revisions"}],"predecessor-version":[{"id":5474,"href":"https:\/\/www.feuerwehr-aumuehle.de\/wopre\/wp-json\/wp\/v2\/einsatz\/5467\/revisions\/5474"}],"wp:featuredmedia":[{"embeddable":true,"href":"https:\/\/www.feuerwehr-aumuehle.de\/wopre\/wp-json\/wp\/v2\/media\/5471"}],"wp:attachment":[{"href":"https:\/\/www.feuerwehr-aumuehle.de\/wopre\/wp-json\/wp\/v2\/media?parent=5467"}],"wp:term":[{"taxonomy":"category","embeddable":true,"href":"https:\/\/www.feuerwehr-aumuehle.de\/wopre\/wp-json\/wp\/v2\/categories?post=5467"},{"taxonomy":"post_tag","embeddable":true,"href":"https:\/\/www.feuerwehr-aumuehle.de\/wopre\/wp-json\/wp\/v2\/tags?post=5467"},{"taxonomy":"einsatzart","embeddable":true,"href":"https:\/\/www.feuerwehr-aumuehle.de\/wopre\/wp-json\/wp\/v2\/einsatzart?post=5467"},{"taxonomy":"fahrzeug","embeddable":true,"href":"https:\/\/www.feuerwehr-aumuehle.de\/wopre\/wp-json\/wp\/v2\/fahrzeug?post=5467"},{"taxonomy":"exteinsatzmittel","embeddable":true,"href":"https:\/\/www.feuerwehr-aumuehle.de\/wopre\/wp-json\/wp\/v2\/exteinsatzmittel?post=5467"},{"taxonomy":"alarmierungsart","embeddable":true,"href":"https:\/\/www.feuerwehr-aumuehle.de\/wopre\/wp-json\/wp\/v2\/alarmierungsart?post=5467"},{"taxonomy":"evw_unit","embeddable":true,"href":"https:\/\/www.feuerwehr-aumuehle.de\/wopre\/wp-json\/wp\/v2\/evw_unit?post=5467"}],"curies":[{"name":"wp","href":"https:\/\/api.w.org\/{rel}","templated":true}]}}

<p>Der Lokführer eines ICEs meldete, dass es im Sachsenwald zu einer Kollision mit einem Objekt auf den Gleisen gekommen war. Umgehend wurden die Freiwilligen Feuerwehren aus Aumühle und Dassendorf zum stehenden Zug im Sachsenwald alarmiert. Bereits auf der Anfahrt wurde deutlich, dass sich der Zug mit Fahrtrichtung Hamburg, kurz hinter Schwarzenbek befindet. Daraufhin wurde zusätzlich die FF Schwarzenbek nachgefordert, da diese eine kürzere Anfahrt zum Einsatzort hatte.</p>



<p>Die Erkundung vor Ort bestätigte einen Zusammenstoß, konnte kurze Zeit später jedoch auf ein Wildschwein zurückgeführt werden.</p>



<p>Der mit alarmierte Notarzt sichtete die Fahrgäste im Zug, sowie den Lokführer aus medizinischer Sicht.</p>



<p>Nachdem der Einsatz für die Feuerwehren abgearbeitet war, wurde die Einsatzstelle an den DB Notfallmanager übergeben, der sich um die weiteren Maßnahmen seitens der Deutschen Bahn kümmerte.</p>



<figure class="wp-block-image size-medium"><a  href="https://www.feuerwehr-aumuehle.de/wopre/wp-content/uploads/2023/01/2022-01-16-e003-thbahny-scaled.jpg" data-rel="gallery-gallery-0" data-rl_title="" data-rl_caption="" title=""><img loading="lazy" decoding="async" width="300" height="300" src="https://www.feuerwehr-aumuehle.de/wopre/wp-content/uploads/2023/01/2022-01-16-e003-thbahny-300x300.jpg" alt="" class="wp-image-5471" srcset="https://www.feuerwehr-aumuehle.de/wopre/wp-content/uploads/2023/01/2022-01-16-e003-thbahny-300x300.jpg 300w, https://www.feuerwehr-aumuehle.de/wopre/wp-content/uploads/2023/01/2022-01-16-e003-thbahny-1024x1024.jpg 1024w, https://www.feuerwehr-aumuehle.de/wopre/wp-content/uploads/2023/01/2022-01-16-e003-thbahny-150x150.jpg 150w, https://www.feuerwehr-aumuehle.de/wopre/wp-content/uploads/2023/01/2022-01-16-e003-thbahny-768x768.jpg 768w, https://www.feuerwehr-aumuehle.de/wopre/wp-content/uploads/2023/01/2022-01-16-e003-thbahny-1536x1536.jpg 1536w, https://www.feuerwehr-aumuehle.de/wopre/wp-content/uploads/2023/01/2022-01-16-e003-thbahny-2048x2048.jpg 2048w, https://www.feuerwehr-aumuehle.de/wopre/wp-content/uploads/2023/01/2022-01-16-e003-thbahny-600x600.jpg 600w, https://www.feuerwehr-aumuehle.de/wopre/wp-content/uploads/2023/01/2022-01-16-e003-thbahny-960x960.jpg 960w, https://www.feuerwehr-aumuehle.de/wopre/wp-content/uploads/2023/01/2022-01-16-e003-thbahny-180x180.jpg 180w, https://www.feuerwehr-aumuehle.de/wopre/wp-content/uploads/2023/01/2022-01-16-e003-thbahny-55x55.jpg 55w" sizes="auto, (max-width: 300px) 100vw, 300px" /></a></figure>



<h2 class="wp-block-heading">externe Berichte</h2>



<p><a href="https://www.feuerwehr-dassendorf.de/einsaetze/uebersicht-einsaetze-2023/einsatz/person-unter-zug-y-th-bahn-y-2.html">Einsatzbericht FF Dassendorf &#8211; mit Bildern</a></p>
