{"id":555,"date":"2015-03-31T16:51:00","date_gmt":"2015-03-31T14:51:00","guid":{"rendered":"http:\/\/vu2080.web2.premium-webspace.net\/wopre\/?post_type=einsatz&#038;p=555"},"modified":"2017-04-05T19:54:52","modified_gmt":"2017-04-05T17:54:52","slug":"orkan-niklas-baum-auf-haus","status":"publish","type":"einsatz","link":"https:\/\/www.feuerwehr-aumuehle.de\/wopre\/einsaetze\/orkan-niklas-baum-auf-haus\/","title":{"rendered":"Orkan \u201eNiklas\u201d: Baum auf Haus"},"content":{"rendered":"<p>Ein hohe Kiefer\u00a0war auf eine Hausecke gest\u00fcrzt. Mithilfe der\u00a0Drehleiter der FF\u00a0Reinbek und der Seilwinde unseres R\u00fcstwagens wurde sie St\u00fcck f\u00fcr St\u00fcck zers\u00e4gt.<\/p>\n\n\t\t<style type=\"text\/css\">\n\t\t\t#gallery-1 {\n\t\t\t\tmargin: auto;\n\t\t\t}\n\t\t\t#gallery-1 .gallery-item {\n\t\t\t\tfloat: left;\n\t\t\t\tmargin-top: 10px;\n\t\t\t\ttext-align: center;\n\t\t\t\twidth: 20%;\n\t\t\t}\n\t\t\t#gallery-1 img {\n\t\t\t\tborder: 2px solid #cfcfcf;\n\t\t\t}\n\t\t\t#gallery-1 .gallery-caption {\n\t\t\t\tmargin-left: 0;\n\t\t\t}\n\t\t\t\/* see gallery_shortcode() in wp-includes\/media.php *\/\n\t\t<\/style>\n\t\t<div id='gallery-1' class='gallery galleryid-555 gallery-columns-5 gallery-size-thumbnail'><dl class='gallery-item'>\n\t\t\t<dt class='gallery-icon landscape'>\n\t\t\t\t<a href='https:\/\/www.feuerwehr-aumuehle.de\/wopre\/wp-content\/uploads\/2015\/04\/15030060.jpg' title=\"\" data-rl_title=\"\" class=\"rl-gallery-link\" data-rl_caption=\"\" data-rel=\"gallery-gallery-1\"><img loading=\"lazy\" decoding=\"async\" width=\"150\" height=\"150\" src=\"https:\/\/www.feuerwehr-aumuehle.de\/wopre\/wp-content\/uploads\/2015\/04\/15030060-150x150.jpg\" class=\"attachment-thumbnail size-thumbnail\" alt=\"\" srcset=\"https:\/\/www.feuerwehr-aumuehle.de\/wopre\/wp-content\/uploads\/2015\/04\/15030060-150x150.jpg 150w, https:\/\/www.feuerwehr-aumuehle.de\/wopre\/wp-content\/uploads\/2015\/04\/15030060-180x180.jpg 180w, https:\/\/www.feuerwehr-aumuehle.de\/wopre\/wp-content\/uploads\/2015\/04\/15030060-55x55.jpg 55w\" sizes=\"auto, (max-width: 150px) 100vw, 150px\" \/><\/a>\n\t\t\t<\/dt><\/dl><dl class='gallery-item'>\n\t\t\t<dt class='gallery-icon portrait'>\n\t\t\t\t<a href='https:\/\/www.feuerwehr-aumuehle.de\/wopre\/wp-content\/uploads\/2015\/04\/15030064.jpg' title=\"\" data-rl_title=\"\" class=\"rl-gallery-link\" data-rl_caption=\"\" data-rel=\"gallery-gallery-1\"><img loading=\"lazy\" decoding=\"async\" width=\"150\" height=\"150\" src=\"https:\/\/www.feuerwehr-aumuehle.de\/wopre\/wp-content\/uploads\/2015\/04\/15030064-150x150.jpg\" class=\"attachment-thumbnail size-thumbnail\" alt=\"\" srcset=\"https:\/\/www.feuerwehr-aumuehle.de\/wopre\/wp-content\/uploads\/2015\/04\/15030064-150x150.jpg 150w, https:\/\/www.feuerwehr-aumuehle.de\/wopre\/wp-content\/uploads\/2015\/04\/15030064-180x180.jpg 180w, https:\/\/www.feuerwehr-aumuehle.de\/wopre\/wp-content\/uploads\/2015\/04\/15030064-55x55.jpg 55w\" sizes=\"auto, (max-width: 150px) 100vw, 150px\" \/><\/a>\n\t\t\t<\/dt><\/dl><dl class='gallery-item'>\n\t\t\t<dt class='gallery-icon portrait'>\n\t\t\t\t<a href='https:\/\/www.feuerwehr-aumuehle.de\/wopre\/wp-content\/uploads\/2015\/03\/CBb_0MlWgAAFcKb.jpg' title=\"\" data-rl_title=\"\" class=\"rl-gallery-link\" data-rl_caption=\"\" data-rel=\"gallery-gallery-1\"><img loading=\"lazy\" decoding=\"async\" width=\"150\" height=\"150\" src=\"https:\/\/www.feuerwehr-aumuehle.de\/wopre\/wp-content\/uploads\/2015\/03\/CBb_0MlWgAAFcKb-150x150.jpg\" class=\"attachment-thumbnail size-thumbnail\" alt=\"\" srcset=\"https:\/\/www.feuerwehr-aumuehle.de\/wopre\/wp-content\/uploads\/2015\/03\/CBb_0MlWgAAFcKb-150x150.jpg 150w, https:\/\/www.feuerwehr-aumuehle.de\/wopre\/wp-content\/uploads\/2015\/03\/CBb_0MlWgAAFcKb-180x180.jpg 180w, https:\/\/www.feuerwehr-aumuehle.de\/wopre\/wp-content\/uploads\/2015\/03\/CBb_0MlWgAAFcKb-55x55.jpg 55w\" sizes=\"auto, (max-width: 150px) 100vw, 150px\" \/><\/a>\n\t\t\t<\/dt><\/dl><dl class='gallery-item'>\n\t\t\t<dt class='gallery-icon landscape'>\n\t\t\t\t<a href='https:\/\/www.feuerwehr-aumuehle.de\/wopre\/wp-content\/uploads\/2015\/04\/15030067-e1430133879830.jpg' title=\"\" data-rl_title=\"\" class=\"rl-gallery-link\" data-rl_caption=\"\" data-rel=\"gallery-gallery-1\"><img loading=\"lazy\" decoding=\"async\" width=\"150\" height=\"150\" src=\"https:\/\/www.feuerwehr-aumuehle.de\/wopre\/wp-content\/uploads\/2015\/04\/15030067-e1430133879830-150x150.jpg\" class=\"attachment-thumbnail size-thumbnail\" alt=\"\" srcset=\"https:\/\/www.feuerwehr-aumuehle.de\/wopre\/wp-content\/uploads\/2015\/04\/15030067-e1430133879830-150x150.jpg 150w, https:\/\/www.feuerwehr-aumuehle.de\/wopre\/wp-content\/uploads\/2015\/04\/15030067-e1430133879830-180x180.jpg 180w, https:\/\/www.feuerwehr-aumuehle.de\/wopre\/wp-content\/uploads\/2015\/04\/15030067-e1430133879830-55x55.jpg 55w\" sizes=\"auto, (max-width: 150px) 100vw, 150px\" \/><\/a>\n\t\t\t<\/dt><\/dl>\n\t\t\t<br style='clear: both' \/>\n\t\t<\/div>\n\n","protected":false},"author":4,"featured_media":0,"template":"","meta":{"einsatz_weight":1,"footnotes":""},"categories":[],"tags":[],"einsatzart":[],"fahrzeug":[8,5,46],"exteinsatzmittel":[69],"alarmierungsart":[7],"evw_unit":[],"class_list":["post-555","einsatz","type-einsatz","status-publish","hentry","fahrzeug-mzf","fahrzeug-rw","fahrzeug-tlf","exteinsatzmittel-dl-ff-reinbek","alarmierungsart-dme"],"_links":{"self":[{"href":"https:\/\/www.feuerwehr-aumuehle.de\/wopre\/wp-json\/wp\/v2\/einsatz\/555","targetHints":{"allow":["GET"]}}],"collection":[{"href":"https:\/\/www.feuerwehr-aumuehle.de\/wopre\/wp-json\/wp\/v2\/einsatz"}],"about":[{"href":"https:\/\/www.feuerwehr-aumuehle.de\/wopre\/wp-json\/wp\/v2\/types\/einsatz"}],"author":[{"embeddable":true,"href":"https:\/\/www.feuerwehr-aumuehle.de\/wopre\/wp-json\/wp\/v2\/users\/4"}],"version-history":[{"count":2,"href":"https:\/\/www.feuerwehr-aumuehle.de\/wopre\/wp-json\/wp\/v2\/einsatz\/555\/revisions"}],"predecessor-version":[{"id":2959,"href":"https:\/\/www.feuerwehr-aumuehle.de\/wopre\/wp-json\/wp\/v2\/einsatz\/555\/revisions\/2959"}],"wp:attachment":[{"href":"https:\/\/www.feuerwehr-aumuehle.de\/wopre\/wp-json\/wp\/v2\/media?parent=555"}],"wp:term":[{"taxonomy":"category","embeddable":true,"href":"https:\/\/www.feuerwehr-aumuehle.de\/wopre\/wp-json\/wp\/v2\/categories?post=555"},{"taxonomy":"post_tag","embeddable":true,"href":"https:\/\/www.feuerwehr-aumuehle.de\/wopre\/wp-json\/wp\/v2\/tags?post=555"},{"taxonomy":"einsatzart","embeddable":true,"href":"https:\/\/www.feuerwehr-aumuehle.de\/wopre\/wp-json\/wp\/v2\/einsatzart?post=555"},{"taxonomy":"fahrzeug","embeddable":true,"href":"https:\/\/www.feuerwehr-aumuehle.de\/wopre\/wp-json\/wp\/v2\/fahrzeug?post=555"},{"taxonomy":"exteinsatzmittel","embeddable":true,"href":"https:\/\/www.feuerwehr-aumuehle.de\/wopre\/wp-json\/wp\/v2\/exteinsatzmittel?post=555"},{"taxonomy":"alarmierungsart","embeddable":true,"href":"https:\/\/www.feuerwehr-aumuehle.de\/wopre\/wp-json\/wp\/v2\/alarmierungsart?post=555"},{"taxonomy":"evw_unit","embeddable":true,"href":"https:\/\/www.feuerwehr-aumuehle.de\/wopre\/wp-json\/wp\/v2\/evw_unit?post=555"}],"curies":[{"name":"wp","href":"https:\/\/api.w.org\/{rel}","templated":true}]}}

<p>Ein hohe Kiefer war auf eine Hausecke gestürzt. Mithilfe der Drehleiter der FF Reinbek und der Seilwinde unseres Rüstwagens wurde sie Stück für Stück zersägt.</p>

		<style type="text/css">
			#gallery-1 {
				margin: auto;
			}
			#gallery-1 .gallery-item {
				float: left;
				margin-top: 10px;
				text-align: center;
				width: 20%;
			}
			#gallery-1 img {
				border: 2px solid #cfcfcf;
			}
			#gallery-1 .gallery-caption {
				margin-left: 0;
			}
			/* see gallery_shortcode() in wp-includes/media.php */
		</style>
		<div id='gallery-1' class='gallery galleryid-555 gallery-columns-5 gallery-size-thumbnail'><dl class='gallery-item'>
			<dt class='gallery-icon landscape'>
				<a href='https://www.feuerwehr-aumuehle.de/wopre/wp-content/uploads/2015/04/15030060.jpg' title="" data-rl_title="" class="rl-gallery-link" data-rl_caption="" data-rel="gallery-gallery-1"><img loading="lazy" decoding="async" width="150" height="150" src="https://www.feuerwehr-aumuehle.de/wopre/wp-content/uploads/2015/04/15030060-150x150.jpg" class="attachment-thumbnail size-thumbnail" alt="" srcset="https://www.feuerwehr-aumuehle.de/wopre/wp-content/uploads/2015/04/15030060-150x150.jpg 150w, https://www.feuerwehr-aumuehle.de/wopre/wp-content/uploads/2015/04/15030060-180x180.jpg 180w, https://www.feuerwehr-aumuehle.de/wopre/wp-content/uploads/2015/04/15030060-55x55.jpg 55w" sizes="auto, (max-width: 150px) 100vw, 150px" /></a>
			</dt></dl><dl class='gallery-item'>
			<dt class='gallery-icon portrait'>
				<a href='https://www.feuerwehr-aumuehle.de/wopre/wp-content/uploads/2015/04/15030064.jpg' title="" data-rl_title="" class="rl-gallery-link" data-rl_caption="" data-rel="gallery-gallery-1"><img loading="lazy" decoding="async" width="150" height="150" src="https://www.feuerwehr-aumuehle.de/wopre/wp-content/uploads/2015/04/15030064-150x150.jpg" class="attachment-thumbnail size-thumbnail" alt="" srcset="https://www.feuerwehr-aumuehle.de/wopre/wp-content/uploads/2015/04/15030064-150x150.jpg 150w, https://www.feuerwehr-aumuehle.de/wopre/wp-content/uploads/2015/04/15030064-180x180.jpg 180w, https://www.feuerwehr-aumuehle.de/wopre/wp-content/uploads/2015/04/15030064-55x55.jpg 55w" sizes="auto, (max-width: 150px) 100vw, 150px" /></a>
			</dt></dl><dl class='gallery-item'>
			<dt class='gallery-icon portrait'>
				<a href='https://www.feuerwehr-aumuehle.de/wopre/wp-content/uploads/2015/03/CBb_0MlWgAAFcKb.jpg' title="" data-rl_title="" class="rl-gallery-link" data-rl_caption="" data-rel="gallery-gallery-1"><img loading="lazy" decoding="async" width="150" height="150" src="https://www.feuerwehr-aumuehle.de/wopre/wp-content/uploads/2015/03/CBb_0MlWgAAFcKb-150x150.jpg" class="attachment-thumbnail size-thumbnail" alt="" srcset="https://www.feuerwehr-aumuehle.de/wopre/wp-content/uploads/2015/03/CBb_0MlWgAAFcKb-150x150.jpg 150w, https://www.feuerwehr-aumuehle.de/wopre/wp-content/uploads/2015/03/CBb_0MlWgAAFcKb-180x180.jpg 180w, https://www.feuerwehr-aumuehle.de/wopre/wp-content/uploads/2015/03/CBb_0MlWgAAFcKb-55x55.jpg 55w" sizes="auto, (max-width: 150px) 100vw, 150px" /></a>
			</dt></dl><dl class='gallery-item'>
			<dt class='gallery-icon landscape'>
				<a href='https://www.feuerwehr-aumuehle.de/wopre/wp-content/uploads/2015/04/15030067-e1430133879830.jpg' title="" data-rl_title="" class="rl-gallery-link" data-rl_caption="" data-rel="gallery-gallery-1"><img loading="lazy" decoding="async" width="150" height="150" src="https://www.feuerwehr-aumuehle.de/wopre/wp-content/uploads/2015/04/15030067-e1430133879830-150x150.jpg" class="attachment-thumbnail size-thumbnail" alt="" srcset="https://www.feuerwehr-aumuehle.de/wopre/wp-content/uploads/2015/04/15030067-e1430133879830-150x150.jpg 150w, https://www.feuerwehr-aumuehle.de/wopre/wp-content/uploads/2015/04/15030067-e1430133879830-180x180.jpg 180w, https://www.feuerwehr-aumuehle.de/wopre/wp-content/uploads/2015/04/15030067-e1430133879830-55x55.jpg 55w" sizes="auto, (max-width: 150px) 100vw, 150px" /></a>
			</dt></dl>
			<br style='clear: both' />
		</div>
