{"id":565,"date":"2015-03-31T19:49:00","date_gmt":"2015-03-31T17:49:00","guid":{"rendered":"http:\/\/vu2080.web2.premium-webspace.net\/wopre\/?post_type=einsatz&#038;p=565"},"modified":"2017-04-05T19:54:52","modified_gmt":"2017-04-05T17:54:52","slug":"orkan-niklas-baum-auf-strasse-2","status":"publish","type":"einsatz","link":"https:\/\/www.feuerwehr-aumuehle.de\/wopre\/einsaetze\/orkan-niklas-baum-auf-strasse-2\/","title":{"rendered":"Orkan \u201eNiklas\u201d: Baum auf Stra\u00dfe"},"content":{"rendered":"<p>Eine Baumkrone versperrte die halbe Fahrbahn. Die Baumkrone wurde zers\u00e4gt und die Stra\u00dfe freiger\u00e4umt.<\/p>\n","protected":false},"author":4,"featured_media":0,"template":"","meta":{"einsatz_weight":1,"footnotes":""},"categories":[],"tags":[],"einsatzart":[],"fahrzeug":[4],"exteinsatzmittel":[70],"alarmierungsart":[7],"evw_unit":[],"class_list":["post-565","einsatz","type-einsatz","status-publish","hentry","fahrzeug-lf","exteinsatzmittel-dl-ff-schwarzenbek","alarmierungsart-dme"],"_links":{"self":[{"href":"https:\/\/www.feuerwehr-aumuehle.de\/wopre\/wp-json\/wp\/v2\/einsatz\/565","targetHints":{"allow":["GET"]}}],"collection":[{"href":"https:\/\/www.feuerwehr-aumuehle.de\/wopre\/wp-json\/wp\/v2\/einsatz"}],"about":[{"href":"https:\/\/www.feuerwehr-aumuehle.de\/wopre\/wp-json\/wp\/v2\/types\/einsatz"}],"author":[{"embeddable":true,"href":"https:\/\/www.feuerwehr-aumuehle.de\/wopre\/wp-json\/wp\/v2\/users\/4"}],"version-history":[{"count":1,"href":"https:\/\/www.feuerwehr-aumuehle.de\/wopre\/wp-json\/wp\/v2\/einsatz\/565\/revisions"}],"predecessor-version":[{"id":2962,"href":"https:\/\/www.feuerwehr-aumuehle.de\/wopre\/wp-json\/wp\/v2\/einsatz\/565\/revisions\/2962"}],"wp:attachment":[{"href":"https:\/\/www.feuerwehr-aumuehle.de\/wopre\/wp-json\/wp\/v2\/media?parent=565"}],"wp:term":[{"taxonomy":"category","embeddable":true,"href":"https:\/\/www.feuerwehr-aumuehle.de\/wopre\/wp-json\/wp\/v2\/categories?post=565"},{"taxonomy":"post_tag","embeddable":true,"href":"https:\/\/www.feuerwehr-aumuehle.de\/wopre\/wp-json\/wp\/v2\/tags?post=565"},{"taxonomy":"einsatzart","embeddable":true,"href":"https:\/\/www.feuerwehr-aumuehle.de\/wopre\/wp-json\/wp\/v2\/einsatzart?post=565"},{"taxonomy":"fahrzeug","embeddable":true,"href":"https:\/\/www.feuerwehr-aumuehle.de\/wopre\/wp-json\/wp\/v2\/fahrzeug?post=565"},{"taxonomy":"exteinsatzmittel","embeddable":true,"href":"https:\/\/www.feuerwehr-aumuehle.de\/wopre\/wp-json\/wp\/v2\/exteinsatzmittel?post=565"},{"taxonomy":"alarmierungsart","embeddable":true,"href":"https:\/\/www.feuerwehr-aumuehle.de\/wopre\/wp-json\/wp\/v2\/alarmierungsart?post=565"},{"taxonomy":"evw_unit","embeddable":true,"href":"https:\/\/www.feuerwehr-aumuehle.de\/wopre\/wp-json\/wp\/v2\/evw_unit?post=565"}],"curies":[{"name":"wp","href":"https:\/\/api.w.org\/{rel}","templated":true}]}}

Orkan „Niklas”: Baum auf Straße

<p>Eine Baumkrone versperrte die halbe Fahrbahn. Die Baumkrone wurde zersägt und die Straße freigeräumt.</p>
