{"id":5820,"date":"2023-11-13T18:29:00","date_gmt":"2023-11-13T17:29:00","guid":{"rendered":"https:\/\/www.feuerwehr-aumuehle.de\/wopre\/?post_type=einsatz&#038;p=5820"},"modified":"2023-11-15T20:32:11","modified_gmt":"2023-11-15T19:32:11","slug":"alarmuebung-feu-00-y-unklare-rauchentwicklung","status":"publish","type":"einsatz","link":"https:\/\/www.feuerwehr-aumuehle.de\/wopre\/einsaetze\/alarmuebung-feu-00-y-unklare-rauchentwicklung\/","title":{"rendered":"Alarm\u00fcbung: FEU 00 Y &#8211; unklare Rauchentwicklung"},"content":{"rendered":"\n<p>Der 53. Einsatz in diesem Jahr f\u00fchrte uns zusammen mit den Feuerwehren Wohltorf und Wentorf nach Wohltorf zur dortigen Sporthalle. Unter dem Stichwort FEU 00 Y (Feuer Standard mit Menschenleben in Gefahr) war eine starke Rauchentwicklung gemeldet worden, mehrere Personen wurden noch in dem Geb\u00e4ude vermutet. Nach anf\u00e4nglicher Hektik und Aufregung, stellte sich die Einsatzlage gl\u00fccklicherweise als \u00dcbung dar. Diese Alarm\u00fcbung war von der Feuerwehr Wohltorf geplant worden und die Geheimhaltung hatte bis zu letzt funktioniert.&nbsp;<\/p>\n\n\n\n<p>Aufgrund des bevorstehenden Abrisses der Sporthalle konnte so ein realistisches Szenario dargestellt werden und die Einsatzkr\u00e4fte konnten real vorgehen (inkl. Wasserabgabe und T\u00fcren aufbrechen).&nbsp;<\/p>\n\n\n\n<p>Im Innern war die komplette Sporthalle mit Theaternebel \u201everraucht\u201c sodass Null-Sicht herrschte.&nbsp;<\/p>\n\n\n\n<p>Unsere Aufgabe als Feuerwehr Aum\u00fchle war es u. A., Atemschutzger\u00e4tetr\u00e4ger f\u00fcr den Innenangriff bzw. die Menschenrettung zu stellen und die Wasserversorgung aufzubauen und sicherzustellen. Unsere F\u00fchrungskr\u00e4fte unterst\u00fctzen die Einsatzleitung.&nbsp;<\/p>\n\n\n\n<p>Am Ende konnten alle Personen (realistisch geschminkt durch das DRK) erfolgreich gerettet und das Feuer gel\u00f6scht werden.<\/p>\n\n\n\n<p>Vielen Dank f\u00fcr die Ausarbeitung der \u00dcbung und die gute Zusammenarbeit aller Kr\u00e4fte!&nbsp;<\/p>\n\n\n\n<p>Ehrenamt verbindet, gemeinsam sind wir stark!\u00a0<\/p>\n\n\n\n<hr class=\"wp-block-separator has-alpha-channel-opacity\"\/>\n\n\n\n<figure class=\"wp-block-gallery has-nested-images columns-default is-cropped wp-block-gallery-1 is-layout-flex wp-block-gallery-is-layout-flex\">\n<figure class=\"wp-block-image size-large\"><a  href=\"https:\/\/www.feuerwehr-aumuehle.de\/wopre\/wp-content\/uploads\/2023\/11\/2023-11-13-uebung-spoha_wohl-scaled.jpeg\" data-rel=\"gallery-gallery-0\" data-rl_title=\"\" data-rl_caption=\"\" title=\"\"><img loading=\"lazy\" decoding=\"async\" width=\"1024\" height=\"1024\" data-id=\"5822\" src=\"https:\/\/www.feuerwehr-aumuehle.de\/wopre\/wp-content\/uploads\/2023\/11\/2023-11-13-uebung-spoha_wohl-1024x1024.jpeg\" alt=\"\" class=\"wp-image-5822\" srcset=\"https:\/\/www.feuerwehr-aumuehle.de\/wopre\/wp-content\/uploads\/2023\/11\/2023-11-13-uebung-spoha_wohl-1024x1024.jpeg 1024w, https:\/\/www.feuerwehr-aumuehle.de\/wopre\/wp-content\/uploads\/2023\/11\/2023-11-13-uebung-spoha_wohl-300x300.jpeg 300w, https:\/\/www.feuerwehr-aumuehle.de\/wopre\/wp-content\/uploads\/2023\/11\/2023-11-13-uebung-spoha_wohl-150x150.jpeg 150w, https:\/\/www.feuerwehr-aumuehle.de\/wopre\/wp-content\/uploads\/2023\/11\/2023-11-13-uebung-spoha_wohl-768x768.jpeg 768w, https:\/\/www.feuerwehr-aumuehle.de\/wopre\/wp-content\/uploads\/2023\/11\/2023-11-13-uebung-spoha_wohl-1536x1536.jpeg 1536w, https:\/\/www.feuerwehr-aumuehle.de\/wopre\/wp-content\/uploads\/2023\/11\/2023-11-13-uebung-spoha_wohl-2048x2048.jpeg 2048w, https:\/\/www.feuerwehr-aumuehle.de\/wopre\/wp-content\/uploads\/2023\/11\/2023-11-13-uebung-spoha_wohl-600x600.jpeg 600w, https:\/\/www.feuerwehr-aumuehle.de\/wopre\/wp-content\/uploads\/2023\/11\/2023-11-13-uebung-spoha_wohl-960x960.jpeg 960w, https:\/\/www.feuerwehr-aumuehle.de\/wopre\/wp-content\/uploads\/2023\/11\/2023-11-13-uebung-spoha_wohl-180x180.jpeg 180w, https:\/\/www.feuerwehr-aumuehle.de\/wopre\/wp-content\/uploads\/2023\/11\/2023-11-13-uebung-spoha_wohl-55x55.jpeg 55w\" sizes=\"auto, (max-width: 1024px) 100vw, 1024px\" \/><\/a><\/figure>\n<\/figure>\n","protected":false},"author":2,"featured_media":5822,"template":"","meta":{"einsatz_weight":1,"footnotes":""},"categories":[],"tags":[291],"einsatzart":[205],"fahrzeug":[163,4,8],"exteinsatzmittel":[9,6],"alarmierungsart":[228,229],"evw_unit":[],"class_list":["post-5820","einsatz","type-einsatz","status-publish","has-post-thumbnail","hentry","tag-alarmuebung","einsatzart-feuy","fahrzeug-hlf","fahrzeug-lf","fahrzeug-mzf","exteinsatzmittel-ff-wentorf","exteinsatzmittel-ff-wohltorf","alarmierungsart-funkmeldeempfaenger","alarmierungsart-smartphone-app"],"_links":{"self":[{"href":"https:\/\/www.feuerwehr-aumuehle.de\/wopre\/wp-json\/wp\/v2\/einsatz\/5820","targetHints":{"allow":["GET"]}}],"collection":[{"href":"https:\/\/www.feuerwehr-aumuehle.de\/wopre\/wp-json\/wp\/v2\/einsatz"}],"about":[{"href":"https:\/\/www.feuerwehr-aumuehle.de\/wopre\/wp-json\/wp\/v2\/types\/einsatz"}],"author":[{"embeddable":true,"href":"https:\/\/www.feuerwehr-aumuehle.de\/wopre\/wp-json\/wp\/v2\/users\/2"}],"version-history":[{"count":1,"href":"https:\/\/www.feuerwehr-aumuehle.de\/wopre\/wp-json\/wp\/v2\/einsatz\/5820\/revisions"}],"predecessor-version":[{"id":5823,"href":"https:\/\/www.feuerwehr-aumuehle.de\/wopre\/wp-json\/wp\/v2\/einsatz\/5820\/revisions\/5823"}],"wp:featuredmedia":[{"embeddable":true,"href":"https:\/\/www.feuerwehr-aumuehle.de\/wopre\/wp-json\/wp\/v2\/media\/5822"}],"wp:attachment":[{"href":"https:\/\/www.feuerwehr-aumuehle.de\/wopre\/wp-json\/wp\/v2\/media?parent=5820"}],"wp:term":[{"taxonomy":"category","embeddable":true,"href":"https:\/\/www.feuerwehr-aumuehle.de\/wopre\/wp-json\/wp\/v2\/categories?post=5820"},{"taxonomy":"post_tag","embeddable":true,"href":"https:\/\/www.feuerwehr-aumuehle.de\/wopre\/wp-json\/wp\/v2\/tags?post=5820"},{"taxonomy":"einsatzart","embeddable":true,"href":"https:\/\/www.feuerwehr-aumuehle.de\/wopre\/wp-json\/wp\/v2\/einsatzart?post=5820"},{"taxonomy":"fahrzeug","embeddable":true,"href":"https:\/\/www.feuerwehr-aumuehle.de\/wopre\/wp-json\/wp\/v2\/fahrzeug?post=5820"},{"taxonomy":"exteinsatzmittel","embeddable":true,"href":"https:\/\/www.feuerwehr-aumuehle.de\/wopre\/wp-json\/wp\/v2\/exteinsatzmittel?post=5820"},{"taxonomy":"alarmierungsart","embeddable":true,"href":"https:\/\/www.feuerwehr-aumuehle.de\/wopre\/wp-json\/wp\/v2\/alarmierungsart?post=5820"},{"taxonomy":"evw_unit","embeddable":true,"href":"https:\/\/www.feuerwehr-aumuehle.de\/wopre\/wp-json\/wp\/v2\/evw_unit?post=5820"}],"curies":[{"name":"wp","href":"https:\/\/api.w.org\/{rel}","templated":true}]}}

Alarmübung: FEU 00 Y &#8211; unklare Rauchentwicklung

<p>Der 53. Einsatz in diesem Jahr führte uns zusammen mit den Feuerwehren Wohltorf und Wentorf nach Wohltorf zur dortigen Sporthalle. Unter dem Stichwort FEU 00 Y (Feuer Standard mit Menschenleben in Gefahr) war eine starke Rauchentwicklung gemeldet worden, mehrere Personen wurden noch in dem Gebäude vermutet. Nach anfänglicher Hektik und Aufregung, stellte sich die Einsatzlage glücklicherweise als Übung dar. Diese Alarmübung war von der Feuerwehr Wohltorf geplant worden und die Geheimhaltung hatte bis zu letzt funktioniert.&nbsp;</p>



<p>Aufgrund des bevorstehenden Abrisses der Sporthalle konnte so ein realistisches Szenario dargestellt werden und die Einsatzkräfte konnten real vorgehen (inkl. Wasserabgabe und Türen aufbrechen).&nbsp;</p>



<p>Im Innern war die komplette Sporthalle mit Theaternebel „verraucht“ sodass Null-Sicht herrschte.&nbsp;</p>



<p>Unsere Aufgabe als Feuerwehr Aumühle war es u. A., Atemschutzgeräteträger für den Innenangriff bzw. die Menschenrettung zu stellen und die Wasserversorgung aufzubauen und sicherzustellen. Unsere Führungskräfte unterstützen die Einsatzleitung.&nbsp;</p>



<p>Am Ende konnten alle Personen (realistisch geschminkt durch das DRK) erfolgreich gerettet und das Feuer gelöscht werden.</p>



<p>Vielen Dank für die Ausarbeitung der Übung und die gute Zusammenarbeit aller Kräfte!&nbsp;</p>



<p>Ehrenamt verbindet, gemeinsam sind wir stark! </p>



<hr class="wp-block-separator has-alpha-channel-opacity"/>



<figure class="wp-block-gallery has-nested-images columns-default is-cropped wp-block-gallery-1 is-layout-flex wp-block-gallery-is-layout-flex">
<figure class="wp-block-image size-large"><a  href="https://www.feuerwehr-aumuehle.de/wopre/wp-content/uploads/2023/11/2023-11-13-uebung-spoha_wohl-scaled.jpeg" data-rel="gallery-gallery-0" data-rl_title="" data-rl_caption="" title=""><img loading="lazy" decoding="async" width="1024" height="1024" data-id="5822" src="https://www.feuerwehr-aumuehle.de/wopre/wp-content/uploads/2023/11/2023-11-13-uebung-spoha_wohl-1024x1024.jpeg" alt="" class="wp-image-5822" srcset="https://www.feuerwehr-aumuehle.de/wopre/wp-content/uploads/2023/11/2023-11-13-uebung-spoha_wohl-1024x1024.jpeg 1024w, https://www.feuerwehr-aumuehle.de/wopre/wp-content/uploads/2023/11/2023-11-13-uebung-spoha_wohl-300x300.jpeg 300w, https://www.feuerwehr-aumuehle.de/wopre/wp-content/uploads/2023/11/2023-11-13-uebung-spoha_wohl-150x150.jpeg 150w, https://www.feuerwehr-aumuehle.de/wopre/wp-content/uploads/2023/11/2023-11-13-uebung-spoha_wohl-768x768.jpeg 768w, https://www.feuerwehr-aumuehle.de/wopre/wp-content/uploads/2023/11/2023-11-13-uebung-spoha_wohl-1536x1536.jpeg 1536w, https://www.feuerwehr-aumuehle.de/wopre/wp-content/uploads/2023/11/2023-11-13-uebung-spoha_wohl-2048x2048.jpeg 2048w, https://www.feuerwehr-aumuehle.de/wopre/wp-content/uploads/2023/11/2023-11-13-uebung-spoha_wohl-600x600.jpeg 600w, https://www.feuerwehr-aumuehle.de/wopre/wp-content/uploads/2023/11/2023-11-13-uebung-spoha_wohl-960x960.jpeg 960w, https://www.feuerwehr-aumuehle.de/wopre/wp-content/uploads/2023/11/2023-11-13-uebung-spoha_wohl-180x180.jpeg 180w, https://www.feuerwehr-aumuehle.de/wopre/wp-content/uploads/2023/11/2023-11-13-uebung-spoha_wohl-55x55.jpeg 55w" sizes="auto, (max-width: 1024px) 100vw, 1024px" /></a></figure>
</figure>
