{"id":6372,"date":"2024-09-30T17:43:00","date_gmt":"2024-09-30T15:43:00","guid":{"rendered":"https:\/\/www.feuerwehr-aumuehle.de\/wopre\/?post_type=einsatz&#038;p=6372"},"modified":"2024-10-02T14:23:03","modified_gmt":"2024-10-02T12:23:03","slug":"th-bahn-y-peron-auf-gleis","status":"publish","type":"einsatz","link":"https:\/\/www.feuerwehr-aumuehle.de\/wopre\/einsaetze\/th-bahn-y-peron-auf-gleis\/","title":{"rendered":"TH BAHN Y &#8211; Peron auf Gleis"},"content":{"rendered":"\n<p>Eine Person war im Bereich des S-Bahnhof Wohltorf vom Bahnsteig ins Gleis gefallen. Dabei verletzte sie sich und konnte sich nicht selbstst\u00e4ndig zur\u00fcck auf den Bahnsteig bewegen.<\/p>\n\n\n\n<p>Die alarmierten Freiwilligen Feuerwehren aus Wohltorf, Wentorf und Aum\u00fchle schafften einen Zugang zu der verungl\u00fcckten Person, nachdem eine Gleissperrung vorlag und die Stromschiene durch die Freiwillige Feuerwehr Reinbek geerdet worden war.<\/p>\n\n\n\n<p>Die Person wurde aus dem Gleisbereich gerettet und an den Rettungsdienst \u00fcbergeben. Abschlie\u00dfend wurde die Einsatzstelle durch den Einsatzleiter der FF Wohltorf an den Notfallmanager der S-Bahn \u00fcbergeben.<\/p>\n\n\n\n<p>W\u00e4hrend des Einsatzes war der S-Bahnverkehr in beiden Richtungen gestoppt.<\/p>\n\n\n\n<figure class=\"wp-block-image size-medium\"><a  href=\"https:\/\/www.feuerwehr-aumuehle.de\/wopre\/wp-content\/uploads\/2024\/10\/2024-09-29-E046-thbahny_wohltorf-scaled.jpeg\" data-rel=\"gallery-gallery-0\" data-rl_title=\"\" data-rl_caption=\"\" title=\"\"><img loading=\"lazy\" decoding=\"async\" width=\"300\" height=\"300\" src=\"https:\/\/www.feuerwehr-aumuehle.de\/wopre\/wp-content\/uploads\/2024\/10\/2024-09-29-E046-thbahny_wohltorf-300x300.jpeg\" alt=\"\" class=\"wp-image-6373\" srcset=\"https:\/\/www.feuerwehr-aumuehle.de\/wopre\/wp-content\/uploads\/2024\/10\/2024-09-29-E046-thbahny_wohltorf-300x300.jpeg 300w, https:\/\/www.feuerwehr-aumuehle.de\/wopre\/wp-content\/uploads\/2024\/10\/2024-09-29-E046-thbahny_wohltorf-1024x1024.jpeg 1024w, https:\/\/www.feuerwehr-aumuehle.de\/wopre\/wp-content\/uploads\/2024\/10\/2024-09-29-E046-thbahny_wohltorf-150x150.jpeg 150w, https:\/\/www.feuerwehr-aumuehle.de\/wopre\/wp-content\/uploads\/2024\/10\/2024-09-29-E046-thbahny_wohltorf-768x768.jpeg 768w, https:\/\/www.feuerwehr-aumuehle.de\/wopre\/wp-content\/uploads\/2024\/10\/2024-09-29-E046-thbahny_wohltorf-1536x1536.jpeg 1536w, https:\/\/www.feuerwehr-aumuehle.de\/wopre\/wp-content\/uploads\/2024\/10\/2024-09-29-E046-thbahny_wohltorf-2048x2048.jpeg 2048w, https:\/\/www.feuerwehr-aumuehle.de\/wopre\/wp-content\/uploads\/2024\/10\/2024-09-29-E046-thbahny_wohltorf-600x600.jpeg 600w, https:\/\/www.feuerwehr-aumuehle.de\/wopre\/wp-content\/uploads\/2024\/10\/2024-09-29-E046-thbahny_wohltorf-100x100.jpeg 100w, https:\/\/www.feuerwehr-aumuehle.de\/wopre\/wp-content\/uploads\/2024\/10\/2024-09-29-E046-thbahny_wohltorf-960x960.jpeg 960w, https:\/\/www.feuerwehr-aumuehle.de\/wopre\/wp-content\/uploads\/2024\/10\/2024-09-29-E046-thbahny_wohltorf-180x180.jpeg 180w, https:\/\/www.feuerwehr-aumuehle.de\/wopre\/wp-content\/uploads\/2024\/10\/2024-09-29-E046-thbahny_wohltorf-55x55.jpeg 55w\" sizes=\"auto, (max-width: 300px) 100vw, 300px\" \/><\/a><\/figure>\n","protected":false},"author":2,"featured_media":6373,"template":"","meta":{"einsatz_weight":1,"footnotes":""},"categories":[],"tags":[],"einsatzart":[241],"fahrzeug":[163,294,8],"exteinsatzmittel":[83,9,6,43,99],"alarmierungsart":[228,41,229],"evw_unit":[],"class_list":["post-6372","einsatz","type-einsatz","status-publish","has-post-thumbnail","hentry","einsatzart-th-bahn-y","fahrzeug-hlf","fahrzeug-lf10","fahrzeug-mzf","exteinsatzmittel-ff-reinbek","exteinsatzmittel-ff-wentorf","exteinsatzmittel-ff-wohltorf","exteinsatzmittel-polizei","exteinsatzmittel-rettungsdienst","alarmierungsart-funkmeldeempfaenger","alarmierungsart-sirene","alarmierungsart-smartphone-app"],"_links":{"self":[{"href":"https:\/\/www.feuerwehr-aumuehle.de\/wopre\/wp-json\/wp\/v2\/einsatz\/6372","targetHints":{"allow":["GET"]}}],"collection":[{"href":"https:\/\/www.feuerwehr-aumuehle.de\/wopre\/wp-json\/wp\/v2\/einsatz"}],"about":[{"href":"https:\/\/www.feuerwehr-aumuehle.de\/wopre\/wp-json\/wp\/v2\/types\/einsatz"}],"author":[{"embeddable":true,"href":"https:\/\/www.feuerwehr-aumuehle.de\/wopre\/wp-json\/wp\/v2\/users\/2"}],"version-history":[{"count":3,"href":"https:\/\/www.feuerwehr-aumuehle.de\/wopre\/wp-json\/wp\/v2\/einsatz\/6372\/revisions"}],"predecessor-version":[{"id":6376,"href":"https:\/\/www.feuerwehr-aumuehle.de\/wopre\/wp-json\/wp\/v2\/einsatz\/6372\/revisions\/6376"}],"wp:featuredmedia":[{"embeddable":true,"href":"https:\/\/www.feuerwehr-aumuehle.de\/wopre\/wp-json\/wp\/v2\/media\/6373"}],"wp:attachment":[{"href":"https:\/\/www.feuerwehr-aumuehle.de\/wopre\/wp-json\/wp\/v2\/media?parent=6372"}],"wp:term":[{"taxonomy":"category","embeddable":true,"href":"https:\/\/www.feuerwehr-aumuehle.de\/wopre\/wp-json\/wp\/v2\/categories?post=6372"},{"taxonomy":"post_tag","embeddable":true,"href":"https:\/\/www.feuerwehr-aumuehle.de\/wopre\/wp-json\/wp\/v2\/tags?post=6372"},{"taxonomy":"einsatzart","embeddable":true,"href":"https:\/\/www.feuerwehr-aumuehle.de\/wopre\/wp-json\/wp\/v2\/einsatzart?post=6372"},{"taxonomy":"fahrzeug","embeddable":true,"href":"https:\/\/www.feuerwehr-aumuehle.de\/wopre\/wp-json\/wp\/v2\/fahrzeug?post=6372"},{"taxonomy":"exteinsatzmittel","embeddable":true,"href":"https:\/\/www.feuerwehr-aumuehle.de\/wopre\/wp-json\/wp\/v2\/exteinsatzmittel?post=6372"},{"taxonomy":"alarmierungsart","embeddable":true,"href":"https:\/\/www.feuerwehr-aumuehle.de\/wopre\/wp-json\/wp\/v2\/alarmierungsart?post=6372"},{"taxonomy":"evw_unit","embeddable":true,"href":"https:\/\/www.feuerwehr-aumuehle.de\/wopre\/wp-json\/wp\/v2\/evw_unit?post=6372"}],"curies":[{"name":"wp","href":"https:\/\/api.w.org\/{rel}","templated":true}]}}

<p>Eine Person war im Bereich des S-Bahnhof Wohltorf vom Bahnsteig ins Gleis gefallen. Dabei verletzte sie sich und konnte sich nicht selbstständig zurück auf den Bahnsteig bewegen.</p>



<p>Die alarmierten Freiwilligen Feuerwehren aus Wohltorf, Wentorf und Aumühle schafften einen Zugang zu der verunglückten Person, nachdem eine Gleissperrung vorlag und die Stromschiene durch die Freiwillige Feuerwehr Reinbek geerdet worden war.</p>



<p>Die Person wurde aus dem Gleisbereich gerettet und an den Rettungsdienst übergeben. Abschließend wurde die Einsatzstelle durch den Einsatzleiter der FF Wohltorf an den Notfallmanager der S-Bahn übergeben.</p>



<p>Während des Einsatzes war der S-Bahnverkehr in beiden Richtungen gestoppt.</p>



<figure class="wp-block-image size-medium"><a  href="https://www.feuerwehr-aumuehle.de/wopre/wp-content/uploads/2024/10/2024-09-29-E046-thbahny_wohltorf-scaled.jpeg" data-rel="gallery-gallery-0" data-rl_title="" data-rl_caption="" title=""><img loading="lazy" decoding="async" width="300" height="300" src="https://www.feuerwehr-aumuehle.de/wopre/wp-content/uploads/2024/10/2024-09-29-E046-thbahny_wohltorf-300x300.jpeg" alt="" class="wp-image-6373" srcset="https://www.feuerwehr-aumuehle.de/wopre/wp-content/uploads/2024/10/2024-09-29-E046-thbahny_wohltorf-300x300.jpeg 300w, https://www.feuerwehr-aumuehle.de/wopre/wp-content/uploads/2024/10/2024-09-29-E046-thbahny_wohltorf-1024x1024.jpeg 1024w, https://www.feuerwehr-aumuehle.de/wopre/wp-content/uploads/2024/10/2024-09-29-E046-thbahny_wohltorf-150x150.jpeg 150w, https://www.feuerwehr-aumuehle.de/wopre/wp-content/uploads/2024/10/2024-09-29-E046-thbahny_wohltorf-768x768.jpeg 768w, https://www.feuerwehr-aumuehle.de/wopre/wp-content/uploads/2024/10/2024-09-29-E046-thbahny_wohltorf-1536x1536.jpeg 1536w, https://www.feuerwehr-aumuehle.de/wopre/wp-content/uploads/2024/10/2024-09-29-E046-thbahny_wohltorf-2048x2048.jpeg 2048w, https://www.feuerwehr-aumuehle.de/wopre/wp-content/uploads/2024/10/2024-09-29-E046-thbahny_wohltorf-600x600.jpeg 600w, https://www.feuerwehr-aumuehle.de/wopre/wp-content/uploads/2024/10/2024-09-29-E046-thbahny_wohltorf-100x100.jpeg 100w, https://www.feuerwehr-aumuehle.de/wopre/wp-content/uploads/2024/10/2024-09-29-E046-thbahny_wohltorf-960x960.jpeg 960w, https://www.feuerwehr-aumuehle.de/wopre/wp-content/uploads/2024/10/2024-09-29-E046-thbahny_wohltorf-180x180.jpeg 180w, https://www.feuerwehr-aumuehle.de/wopre/wp-content/uploads/2024/10/2024-09-29-E046-thbahny_wohltorf-55x55.jpeg 55w" sizes="auto, (max-width: 300px) 100vw, 300px" /></a></figure>
