{"id":6660,"date":"2025-05-24T08:46:00","date_gmt":"2025-05-24T06:46:00","guid":{"rendered":"https:\/\/www.feuerwehr-aumuehle.de\/wopre\/?post_type=einsatz&#038;p=6660"},"modified":"2025-05-24T14:54:05","modified_gmt":"2025-05-24T12:54:05","slug":"th-pferd-in-not","status":"publish","type":"einsatz","link":"https:\/\/www.feuerwehr-aumuehle.de\/wopre\/einsaetze\/th-pferd-in-not\/","title":{"rendered":"TH &#8211; Pferd in Not"},"content":{"rendered":"\n<p>Ein Pferd war auf der Billebr\u00fccke bei der Schule in Wohltorf mit den Hinterl\u00e4ufen eingebrochen. Die Alarmierung erfolgte zusammen mit der <a href=\"https:\/\/www.feuerwehr-wohltorf.de\" target=\"_blank\" rel=\"noreferrer noopener\">Freiwilligen Feuerwehr Wohltorf<\/a>, die die Einsatzleitung \u00fcbernahm. Mithilfe einer speziellen Bergeschlinge f\u00fcr Pferde der FF Aum\u00fchle, konnte das Tier stabilisiert und im weiteren Verlauf zur\u00fcck auf die Br\u00fccke gebracht werden. Ein herbeigeschaffter Schwerlastkran eines lokalen Speditionsunternehmens unterst\u00fctzte beim Wiederaufrichten des Pferdes und dem Abtransport in einem Anh\u00e4nger zur Weiterbehandlung in einer Tierklink.<\/p>\n\n\n\n<p>Die Br\u00fccke \u00fcber die Bille bleibt bis auf weiteres voll gesperrt.<\/p>\n\n\n\n<figure class=\"wp-block-image size-full is-resized\"><a  href=\"https:\/\/www.feuerwehr-aumuehle.de\/wopre\/wp-content\/uploads\/2025\/05\/2025-05-24-e23-th-pferdinnot-scaled.jpeg\" data-rel=\"gallery-gallery-0\" data-rl_title=\"\" data-rl_caption=\"\" title=\"\"><img loading=\"lazy\" decoding=\"async\" width=\"2560\" height=\"2560\" src=\"https:\/\/www.feuerwehr-aumuehle.de\/wopre\/wp-content\/uploads\/2025\/05\/2025-05-24-e23-th-pferdinnot-scaled.jpeg\" alt=\"\" class=\"wp-image-6661\" style=\"aspect-ratio:1;object-fit:cover;width:500px\" srcset=\"https:\/\/www.feuerwehr-aumuehle.de\/wopre\/wp-content\/uploads\/2025\/05\/2025-05-24-e23-th-pferdinnot-scaled.jpeg 2560w, https:\/\/www.feuerwehr-aumuehle.de\/wopre\/wp-content\/uploads\/2025\/05\/2025-05-24-e23-th-pferdinnot-300x300.jpeg 300w, https:\/\/www.feuerwehr-aumuehle.de\/wopre\/wp-content\/uploads\/2025\/05\/2025-05-24-e23-th-pferdinnot-1024x1024.jpeg 1024w, https:\/\/www.feuerwehr-aumuehle.de\/wopre\/wp-content\/uploads\/2025\/05\/2025-05-24-e23-th-pferdinnot-150x150.jpeg 150w, https:\/\/www.feuerwehr-aumuehle.de\/wopre\/wp-content\/uploads\/2025\/05\/2025-05-24-e23-th-pferdinnot-768x768.jpeg 768w, https:\/\/www.feuerwehr-aumuehle.de\/wopre\/wp-content\/uploads\/2025\/05\/2025-05-24-e23-th-pferdinnot-1536x1536.jpeg 1536w, https:\/\/www.feuerwehr-aumuehle.de\/wopre\/wp-content\/uploads\/2025\/05\/2025-05-24-e23-th-pferdinnot-2048x2048.jpeg 2048w, https:\/\/www.feuerwehr-aumuehle.de\/wopre\/wp-content\/uploads\/2025\/05\/2025-05-24-e23-th-pferdinnot-600x600.jpeg 600w, https:\/\/www.feuerwehr-aumuehle.de\/wopre\/wp-content\/uploads\/2025\/05\/2025-05-24-e23-th-pferdinnot-100x100.jpeg 100w, https:\/\/www.feuerwehr-aumuehle.de\/wopre\/wp-content\/uploads\/2025\/05\/2025-05-24-e23-th-pferdinnot-960x960.jpeg 960w, https:\/\/www.feuerwehr-aumuehle.de\/wopre\/wp-content\/uploads\/2025\/05\/2025-05-24-e23-th-pferdinnot-180x180.jpeg 180w, https:\/\/www.feuerwehr-aumuehle.de\/wopre\/wp-content\/uploads\/2025\/05\/2025-05-24-e23-th-pferdinnot-55x55.jpeg 55w\" sizes=\"auto, (max-width: 2560px) 100vw, 2560px\" \/><\/a><\/figure>\n","protected":false},"author":2,"featured_media":6661,"template":"","meta":{"einsatz_weight":1,"footnotes":""},"categories":[],"tags":[],"einsatzart":[208],"fahrzeug":[163,294,8],"exteinsatzmittel":[297,6,99],"alarmierungsart":[228,229],"evw_unit":[],"class_list":["post-6660","einsatz","type-einsatz","status-publish","has-post-thumbnail","hentry","einsatzart-th","fahrzeug-hlf","fahrzeug-lf10","fahrzeug-mzf","exteinsatzmittel-buergermeisterin-wohltorf","exteinsatzmittel-ff-wohltorf","exteinsatzmittel-rettungsdienst","alarmierungsart-funkmeldeempfaenger","alarmierungsart-smartphone-app"],"_links":{"self":[{"href":"https:\/\/www.feuerwehr-aumuehle.de\/wopre\/wp-json\/wp\/v2\/einsatz\/6660","targetHints":{"allow":["GET"]}}],"collection":[{"href":"https:\/\/www.feuerwehr-aumuehle.de\/wopre\/wp-json\/wp\/v2\/einsatz"}],"about":[{"href":"https:\/\/www.feuerwehr-aumuehle.de\/wopre\/wp-json\/wp\/v2\/types\/einsatz"}],"author":[{"embeddable":true,"href":"https:\/\/www.feuerwehr-aumuehle.de\/wopre\/wp-json\/wp\/v2\/users\/2"}],"version-history":[{"count":1,"href":"https:\/\/www.feuerwehr-aumuehle.de\/wopre\/wp-json\/wp\/v2\/einsatz\/6660\/revisions"}],"predecessor-version":[{"id":6662,"href":"https:\/\/www.feuerwehr-aumuehle.de\/wopre\/wp-json\/wp\/v2\/einsatz\/6660\/revisions\/6662"}],"wp:featuredmedia":[{"embeddable":true,"href":"https:\/\/www.feuerwehr-aumuehle.de\/wopre\/wp-json\/wp\/v2\/media\/6661"}],"wp:attachment":[{"href":"https:\/\/www.feuerwehr-aumuehle.de\/wopre\/wp-json\/wp\/v2\/media?parent=6660"}],"wp:term":[{"taxonomy":"category","embeddable":true,"href":"https:\/\/www.feuerwehr-aumuehle.de\/wopre\/wp-json\/wp\/v2\/categories?post=6660"},{"taxonomy":"post_tag","embeddable":true,"href":"https:\/\/www.feuerwehr-aumuehle.de\/wopre\/wp-json\/wp\/v2\/tags?post=6660"},{"taxonomy":"einsatzart","embeddable":true,"href":"https:\/\/www.feuerwehr-aumuehle.de\/wopre\/wp-json\/wp\/v2\/einsatzart?post=6660"},{"taxonomy":"fahrzeug","embeddable":true,"href":"https:\/\/www.feuerwehr-aumuehle.de\/wopre\/wp-json\/wp\/v2\/fahrzeug?post=6660"},{"taxonomy":"exteinsatzmittel","embeddable":true,"href":"https:\/\/www.feuerwehr-aumuehle.de\/wopre\/wp-json\/wp\/v2\/exteinsatzmittel?post=6660"},{"taxonomy":"alarmierungsart","embeddable":true,"href":"https:\/\/www.feuerwehr-aumuehle.de\/wopre\/wp-json\/wp\/v2\/alarmierungsart?post=6660"},{"taxonomy":"evw_unit","embeddable":true,"href":"https:\/\/www.feuerwehr-aumuehle.de\/wopre\/wp-json\/wp\/v2\/evw_unit?post=6660"}],"curies":[{"name":"wp","href":"https:\/\/api.w.org\/{rel}","templated":true}]}}

<p>Ein Pferd war auf der Billebrücke bei der Schule in Wohltorf mit den Hinterläufen eingebrochen. Die Alarmierung erfolgte zusammen mit der <a href="https://www.feuerwehr-wohltorf.de" target="_blank" rel="noreferrer noopener">Freiwilligen Feuerwehr Wohltorf</a>, die die Einsatzleitung übernahm. Mithilfe einer speziellen Bergeschlinge für Pferde der FF Aumühle, konnte das Tier stabilisiert und im weiteren Verlauf zurück auf die Brücke gebracht werden. Ein herbeigeschaffter Schwerlastkran eines lokalen Speditionsunternehmens unterstützte beim Wiederaufrichten des Pferdes und dem Abtransport in einem Anhänger zur Weiterbehandlung in einer Tierklink.</p>



<p>Die Brücke über die Bille bleibt bis auf weiteres voll gesperrt.</p>



<figure class="wp-block-image size-full is-resized"><a  href="https://www.feuerwehr-aumuehle.de/wopre/wp-content/uploads/2025/05/2025-05-24-e23-th-pferdinnot-scaled.jpeg" data-rel="gallery-gallery-0" data-rl_title="" data-rl_caption="" title=""><img loading="lazy" decoding="async" width="2560" height="2560" src="https://www.feuerwehr-aumuehle.de/wopre/wp-content/uploads/2025/05/2025-05-24-e23-th-pferdinnot-scaled.jpeg" alt="" class="wp-image-6661" style="aspect-ratio:1;object-fit:cover;width:500px" srcset="https://www.feuerwehr-aumuehle.de/wopre/wp-content/uploads/2025/05/2025-05-24-e23-th-pferdinnot-scaled.jpeg 2560w, https://www.feuerwehr-aumuehle.de/wopre/wp-content/uploads/2025/05/2025-05-24-e23-th-pferdinnot-300x300.jpeg 300w, https://www.feuerwehr-aumuehle.de/wopre/wp-content/uploads/2025/05/2025-05-24-e23-th-pferdinnot-1024x1024.jpeg 1024w, https://www.feuerwehr-aumuehle.de/wopre/wp-content/uploads/2025/05/2025-05-24-e23-th-pferdinnot-150x150.jpeg 150w, https://www.feuerwehr-aumuehle.de/wopre/wp-content/uploads/2025/05/2025-05-24-e23-th-pferdinnot-768x768.jpeg 768w, https://www.feuerwehr-aumuehle.de/wopre/wp-content/uploads/2025/05/2025-05-24-e23-th-pferdinnot-1536x1536.jpeg 1536w, https://www.feuerwehr-aumuehle.de/wopre/wp-content/uploads/2025/05/2025-05-24-e23-th-pferdinnot-2048x2048.jpeg 2048w, https://www.feuerwehr-aumuehle.de/wopre/wp-content/uploads/2025/05/2025-05-24-e23-th-pferdinnot-600x600.jpeg 600w, https://www.feuerwehr-aumuehle.de/wopre/wp-content/uploads/2025/05/2025-05-24-e23-th-pferdinnot-100x100.jpeg 100w, https://www.feuerwehr-aumuehle.de/wopre/wp-content/uploads/2025/05/2025-05-24-e23-th-pferdinnot-960x960.jpeg 960w, https://www.feuerwehr-aumuehle.de/wopre/wp-content/uploads/2025/05/2025-05-24-e23-th-pferdinnot-180x180.jpeg 180w, https://www.feuerwehr-aumuehle.de/wopre/wp-content/uploads/2025/05/2025-05-24-e23-th-pferdinnot-55x55.jpeg 55w" sizes="auto, (max-width: 2560px) 100vw, 2560px" /></a></figure>
