{"id":6667,"date":"2025-06-11T20:49:00","date_gmt":"2025-06-11T18:49:00","guid":{"rendered":"https:\/\/www.feuerwehr-aumuehle.de\/wopre\/?post_type=einsatz&#038;p=6667"},"modified":"2025-06-13T23:13:45","modified_gmt":"2025-06-13T21:13:45","slug":"notf-01-tragehilfe-2","status":"publish","type":"einsatz","link":"https:\/\/www.feuerwehr-aumuehle.de\/wopre\/einsaetze\/notf-01-tragehilfe-2\/","title":{"rendered":"NOTF 01 &#8211; Tragehilfe"},"content":{"rendered":"\n<p>Auf dem Wanderweg am M\u00fchlenteich war eine Person gest\u00fcrzt und nicht mehr selbstst\u00e4ndig gehf\u00e4hig. Wir unterst\u00fctzten den Rettungsdienst mit unserer Schleifkorbtrage und beim Transport zum Rettungswagen. <br><\/p>\n\n\n\n<figure class=\"wp-block-image size-medium\"><a  href=\"https:\/\/www.feuerwehr-aumuehle.de\/wopre\/wp-content\/uploads\/2023\/03\/symb_hlf_tuer_2000.jpg\" data-rel=\"gallery-gallery-0\" data-rl_title=\"\" data-rl_caption=\"\" title=\"\"><img loading=\"lazy\" decoding=\"async\" width=\"300\" height=\"300\" src=\"https:\/\/www.feuerwehr-aumuehle.de\/wopre\/wp-content\/uploads\/2023\/03\/symb_hlf_tuer_2000-300x300.jpg\" alt=\"\" class=\"wp-image-5613\" srcset=\"https:\/\/www.feuerwehr-aumuehle.de\/wopre\/wp-content\/uploads\/2023\/03\/symb_hlf_tuer_2000-300x300.jpg 300w, https:\/\/www.feuerwehr-aumuehle.de\/wopre\/wp-content\/uploads\/2023\/03\/symb_hlf_tuer_2000-1024x1024.jpg 1024w, https:\/\/www.feuerwehr-aumuehle.de\/wopre\/wp-content\/uploads\/2023\/03\/symb_hlf_tuer_2000-150x150.jpg 150w, https:\/\/www.feuerwehr-aumuehle.de\/wopre\/wp-content\/uploads\/2023\/03\/symb_hlf_tuer_2000-768x768.jpg 768w, https:\/\/www.feuerwehr-aumuehle.de\/wopre\/wp-content\/uploads\/2023\/03\/symb_hlf_tuer_2000-1536x1536.jpg 1536w, https:\/\/www.feuerwehr-aumuehle.de\/wopre\/wp-content\/uploads\/2023\/03\/symb_hlf_tuer_2000-600x600.jpg 600w, https:\/\/www.feuerwehr-aumuehle.de\/wopre\/wp-content\/uploads\/2023\/03\/symb_hlf_tuer_2000-960x960.jpg 960w, https:\/\/www.feuerwehr-aumuehle.de\/wopre\/wp-content\/uploads\/2023\/03\/symb_hlf_tuer_2000-180x180.jpg 180w, https:\/\/www.feuerwehr-aumuehle.de\/wopre\/wp-content\/uploads\/2023\/03\/symb_hlf_tuer_2000-55x55.jpg 55w, https:\/\/www.feuerwehr-aumuehle.de\/wopre\/wp-content\/uploads\/2023\/03\/symb_hlf_tuer_2000.jpg 2000w\" sizes=\"auto, (max-width: 300px) 100vw, 300px\" \/><\/a><\/figure>\n","protected":false},"author":5,"featured_media":6034,"template":"","meta":{"einsatz_weight":1,"footnotes":""},"categories":[],"tags":[],"einsatzart":[214],"fahrzeug":[163,8],"exteinsatzmittel":[99],"alarmierungsart":[7,229],"evw_unit":[],"class_list":["post-6667","einsatz","type-einsatz","status-publish","has-post-thumbnail","hentry","einsatzart-notf","fahrzeug-hlf","fahrzeug-mzf","exteinsatzmittel-rettungsdienst","alarmierungsart-dme","alarmierungsart-smartphone-app"],"_links":{"self":[{"href":"https:\/\/www.feuerwehr-aumuehle.de\/wopre\/wp-json\/wp\/v2\/einsatz\/6667","targetHints":{"allow":["GET"]}}],"collection":[{"href":"https:\/\/www.feuerwehr-aumuehle.de\/wopre\/wp-json\/wp\/v2\/einsatz"}],"about":[{"href":"https:\/\/www.feuerwehr-aumuehle.de\/wopre\/wp-json\/wp\/v2\/types\/einsatz"}],"author":[{"embeddable":true,"href":"https:\/\/www.feuerwehr-aumuehle.de\/wopre\/wp-json\/wp\/v2\/users\/5"}],"version-history":[{"count":2,"href":"https:\/\/www.feuerwehr-aumuehle.de\/wopre\/wp-json\/wp\/v2\/einsatz\/6667\/revisions"}],"predecessor-version":[{"id":6669,"href":"https:\/\/www.feuerwehr-aumuehle.de\/wopre\/wp-json\/wp\/v2\/einsatz\/6667\/revisions\/6669"}],"wp:featuredmedia":[{"embeddable":true,"href":"https:\/\/www.feuerwehr-aumuehle.de\/wopre\/wp-json\/wp\/v2\/media\/6034"}],"wp:attachment":[{"href":"https:\/\/www.feuerwehr-aumuehle.de\/wopre\/wp-json\/wp\/v2\/media?parent=6667"}],"wp:term":[{"taxonomy":"category","embeddable":true,"href":"https:\/\/www.feuerwehr-aumuehle.de\/wopre\/wp-json\/wp\/v2\/categories?post=6667"},{"taxonomy":"post_tag","embeddable":true,"href":"https:\/\/www.feuerwehr-aumuehle.de\/wopre\/wp-json\/wp\/v2\/tags?post=6667"},{"taxonomy":"einsatzart","embeddable":true,"href":"https:\/\/www.feuerwehr-aumuehle.de\/wopre\/wp-json\/wp\/v2\/einsatzart?post=6667"},{"taxonomy":"fahrzeug","embeddable":true,"href":"https:\/\/www.feuerwehr-aumuehle.de\/wopre\/wp-json\/wp\/v2\/fahrzeug?post=6667"},{"taxonomy":"exteinsatzmittel","embeddable":true,"href":"https:\/\/www.feuerwehr-aumuehle.de\/wopre\/wp-json\/wp\/v2\/exteinsatzmittel?post=6667"},{"taxonomy":"alarmierungsart","embeddable":true,"href":"https:\/\/www.feuerwehr-aumuehle.de\/wopre\/wp-json\/wp\/v2\/alarmierungsart?post=6667"},{"taxonomy":"evw_unit","embeddable":true,"href":"https:\/\/www.feuerwehr-aumuehle.de\/wopre\/wp-json\/wp\/v2\/evw_unit?post=6667"}],"curies":[{"name":"wp","href":"https:\/\/api.w.org\/{rel}","templated":true}]}}

<p>Auf dem Wanderweg am Mühlenteich war eine Person gestürzt und nicht mehr selbstständig gehfähig. Wir unterstützten den Rettungsdienst mit unserer Schleifkorbtrage und beim Transport zum Rettungswagen. <br></p>



<figure class="wp-block-image size-medium"><a  href="https://www.feuerwehr-aumuehle.de/wopre/wp-content/uploads/2023/03/symb_hlf_tuer_2000.jpg" data-rel="gallery-gallery-0" data-rl_title="" data-rl_caption="" title=""><img loading="lazy" decoding="async" width="300" height="300" src="https://www.feuerwehr-aumuehle.de/wopre/wp-content/uploads/2023/03/symb_hlf_tuer_2000-300x300.jpg" alt="" class="wp-image-5613" srcset="https://www.feuerwehr-aumuehle.de/wopre/wp-content/uploads/2023/03/symb_hlf_tuer_2000-300x300.jpg 300w, https://www.feuerwehr-aumuehle.de/wopre/wp-content/uploads/2023/03/symb_hlf_tuer_2000-1024x1024.jpg 1024w, https://www.feuerwehr-aumuehle.de/wopre/wp-content/uploads/2023/03/symb_hlf_tuer_2000-150x150.jpg 150w, https://www.feuerwehr-aumuehle.de/wopre/wp-content/uploads/2023/03/symb_hlf_tuer_2000-768x768.jpg 768w, https://www.feuerwehr-aumuehle.de/wopre/wp-content/uploads/2023/03/symb_hlf_tuer_2000-1536x1536.jpg 1536w, https://www.feuerwehr-aumuehle.de/wopre/wp-content/uploads/2023/03/symb_hlf_tuer_2000-600x600.jpg 600w, https://www.feuerwehr-aumuehle.de/wopre/wp-content/uploads/2023/03/symb_hlf_tuer_2000-960x960.jpg 960w, https://www.feuerwehr-aumuehle.de/wopre/wp-content/uploads/2023/03/symb_hlf_tuer_2000-180x180.jpg 180w, https://www.feuerwehr-aumuehle.de/wopre/wp-content/uploads/2023/03/symb_hlf_tuer_2000-55x55.jpg 55w, https://www.feuerwehr-aumuehle.de/wopre/wp-content/uploads/2023/03/symb_hlf_tuer_2000.jpg 2000w" sizes="auto, (max-width: 300px) 100vw, 300px" /></a></figure>
