{"id":3503,"date":"2018-05-26T15:18:31","date_gmt":"2018-05-26T13:18:31","guid":{"rendered":"https:\/\/www.feuerwehr-aumuehle.de\/wopre\/?page_id=3503"},"modified":"2018-05-26T15:24:34","modified_gmt":"2018-05-26T13:24:34","slug":"haushalts-loeschkuebel-aktion","status":"publish","type":"page","link":"https:\/\/www.feuerwehr-aumuehle.de\/wopre\/haushalts-loeschkuebel-aktion\/","title":{"rendered":"Haushalts-L\u00f6schk\u00fcbel Aktion"},"content":{"rendered":"<h2>Brandschutz in Aum\u00fchle zu 100%sichergestellt<\/h2>\n<p>Am heutigen Samstag wurde jeder der 1400 Haushalte in Aum\u00fchle mit einem \u201eHaushalts-L\u00f6schk\u00fcbel\u201c ausgestattet. Der darauf befindlichen Anleitung kann entnommen werden, wie sich der Bewohner im Falle eines Feuers zu verhalten hat. Dies kann bei einem gr\u00f6\u00dferen Brand einschlie\u00dfen, dass er zusammen mit seinen Nachbarn eine Eimerkette bildet, sollte die Feuerwehr nicht eintreffen.<\/p>\n<p>Das diese Aktion nat\u00fcrlich mit einem Augenzwinkern zu verstehen ist, sollte jedem klar sein. Hintergrund ist eine kreative Aktion zur Mitgliederwerbung. Denn in dem Eimer befindet sich Infomaterial \u00fcber die <a href=\"https:\/\/www.feuerwehr-aumuehle.de\/wopre\/wir-suchen-dich\/\">Feuerwehr<\/a>, <a href=\"https:\/\/www.feuerwehr-aumuehle.de\/wopre\/ueber-uns\/jugendfeuerwehr\/\">Jugendfeuerwehr, Blaulichtminis<\/a>, den <a href=\"https:\/\/www.feuerwehr-aumuehle.de\/wopre\/foerderverein\/\">F\u00f6rderverein<\/a> und eine Einladung zum Tag der offenen T\u00fcr am 24.06.2018.<\/p>\n<p>Wir sind auf die Resonanz aus der Bev\u00f6lkerung gespannt und freuen uns \u00fcber R\u00fcckmeldungen.<\/p>\n","protected":false},"excerpt":{"rendered":"<p>Brandschutz in Aum\u00fchle zu 100%sichergestellt Am heutigen Samstag wurde jeder der 1400 Haushalte in Aum\u00fchle mit einem \u201eHaushalts-L\u00f6schk\u00fcbel\u201c ausgestattet. Der darauf befindlichen Anleitung kann entnommen werden, wie sich der Bewohner im Falle eines Feuers zu verhalten hat. Dies kann bei einem gr\u00f6\u00dferen Brand einschlie\u00dfen, dass er zusammen mit seinen Nachbarn eine Eimerkette bildet, sollte die [&hellip;]<\/p>\n","protected":false},"author":2,"featured_media":3504,"parent":0,"menu_order":0,"comment_status":"closed","ping_status":"closed","template":"","meta":{"footnotes":""},"class_list":["post-3503","page","type-page","status-publish","has-post-thumbnail","hentry"],"_links":{"self":[{"href":"https:\/\/www.feuerwehr-aumuehle.de\/wopre\/wp-json\/wp\/v2\/pages\/3503","targetHints":{"allow":["GET"]}}],"collection":[{"href":"https:\/\/www.feuerwehr-aumuehle.de\/wopre\/wp-json\/wp\/v2\/pages"}],"about":[{"href":"https:\/\/www.feuerwehr-aumuehle.de\/wopre\/wp-json\/wp\/v2\/types\/page"}],"author":[{"embeddable":true,"href":"https:\/\/www.feuerwehr-aumuehle.de\/wopre\/wp-json\/wp\/v2\/users\/2"}],"replies":[{"embeddable":true,"href":"https:\/\/www.feuerwehr-aumuehle.de\/wopre\/wp-json\/wp\/v2\/comments?post=3503"}],"version-history":[{"count":4,"href":"https:\/\/www.feuerwehr-aumuehle.de\/wopre\/wp-json\/wp\/v2\/pages\/3503\/revisions"}],"predecessor-version":[{"id":3509,"href":"https:\/\/www.feuerwehr-aumuehle.de\/wopre\/wp-json\/wp\/v2\/pages\/3503\/revisions\/3509"}],"wp:featuredmedia":[{"embeddable":true,"href":"https:\/\/www.feuerwehr-aumuehle.de\/wopre\/wp-json\/wp\/v2\/media\/3504"}],"wp:attachment":[{"href":"https:\/\/www.feuerwehr-aumuehle.de\/wopre\/wp-json\/wp\/v2\/media?parent=3503"}],"curies":[{"name":"wp","href":"https:\/\/api.w.org\/{rel}","templated":true}]}}