{"id":92,"date":"2015-02-16T22:37:27","date_gmt":"2015-02-16T21:37:27","guid":{"rendered":"http:\/\/vu2080.web2.premium-webspace.net\/wopre\/?page_id=92"},"modified":"2020-07-23T12:43:53","modified_gmt":"2020-07-23T10:43:53","slug":"haeufige-fragen","status":"publish","type":"page","link":"https:\/\/www.feuerwehr-aumuehle.de\/wopre\/haeufige-fragen\/","title":{"rendered":"H\u00e4ufige Fragen"},"content":{"rendered":"<p>Es gibt Fragen, die werden der Feuerwehr immer wieder gestellt. Aus diesem Grund wollen wir hier einige der h\u00e4ufig gestellten Fragen auflisten und nat\u00fcrlich auch die entsprechenden Antworten geben.<\/p>\n<div class=\"box shortcode-box risen-icon-message\">\n<div class=\"icon risen-font-icon-info-sign\"><\/div>\n<div class=\"risen-icon-message-content\">\nSollten Sie noch eine Frage haben, von der Sie meinen, dass sie auch f\u00fcr andere interessant sein k\u00f6nnte, welche hier nicht mit aufgef\u00fchrt ist, dann senden Sie uns doch eine <a title=\"Kontakt\" href=\"http:\/\/www.feuerwehr-aumuehle.de\/wopre\/kontakt\/\">E-Mail<\/a>\u00a0und wir werden versuchen diese Frage zeitnah mit in die Liste aufzunehmen.\n<\/div>\n<\/div>\n<h4>Was ist der Unterschied zwischen einer Berufs- und einer Freiwilligen Feuerwehr?<\/h4>\n<p>Wie der Name schon sagt, sind bei einer Berufsfeuerwehr die Feuerwehrleute hauptamtlich angestellt w\u00e4hrend sie bei einer Freiwilligen Feuerwehr freiwillig in ihrer Freizeit t\u00e4tig sind. Die Feuerwehr Aum\u00fchle ist eine Freiwillige Feuerwehr und somit setzt sich ihre Mannschaft aus Aum\u00fchlerinnen und Aum\u00fchlern zusammen, die neben ihrem normalen Beruf wie z.B. Maler, Ingenieur, Architekt, Techniker oder Rentner im Einsatzfall zum Ger\u00e4tehaus fahren, um dort die Autos zu besetzen und den Einsatz abzuarbeiten. Danach kehren sie wieder an ihren Arbeitsplatz zur\u00fcck.<\/p>\n<h4 class=\"contentheading\">Bekommt ein freiwilliger Feuerwehrmann f\u00fcr seine Arbeit Geld?<\/h4>\n<p>Nein, grunds\u00e4tzlich nicht. Wir sind ehrenamtlich t\u00e4tig und investieren unsere Freizeit f\u00fcr den Feuerwehrdienst. Ausnahmen sind festangestellte Feuerwehrleute, wie z.B. Ger\u00e4tewarte in St\u00e4dten mit einem gro\u00dfen Fuhrpark, oder Wehrf\u00fchrer die f\u00fcr ihre vielen auch \u00f6ffentlichen Termine eine Aufwandsentsch\u00e4digung bekommen.<\/p>\n<h4 class=\"contentheading\">Ist das Feuerwehrger\u00e4tehaus in Aum\u00fchle st\u00e4ndig besetzt?<\/h4>\n<p>Nein, da die Feuerwehr Aum\u00fchle eine Freiwillige Feuerwehr ist, kommen die Feuerwehrleute nur zum Ger\u00e4tehaus wenn ein Einsatz gemeldet wurde.<\/p>\n<h4 class=\"contentheading\">Was passiert wenn zu wenige Feuerwehrleute zum Ger\u00e4tehaus kommen?<\/h4>\n<p>Es kommt durchaus, geraden an Wochentagen w\u00e4hrend der Arbeitszeiten vor, dass nicht gen\u00fcgend Feuerwehrleute zum Einsatz kommen. Dann kann der Einsatzleiter, eine Nachbarwehr nachalarmieren, die dann kurze Zeit sp\u00e4ter am Einsatzort eintrifft und die Aum\u00fchler Kameraden unterst\u00fctzt.<\/p>\n<h4 class=\"contentheading\">Was passiert wenn niemand zum Ger\u00e4tehaus kommt?<\/h4>\n<p>Auch daf\u00fcr gibt es eine Regelung. Meldet sich in einem bestimmten Zeitfenster nach der Alarmierung durch die Kreisleitstelle in Bad Oldesloe kein besetztes Fahrzeug, wird automatisch die Nachbarwehr alarmiert.<\/p>\n<h4 class=\"contentheading\">Warum fahren so viele Feuerwehrfahrzeuge zum Einsatzort?<\/h4>\n<p>Die Anzahl der eingesetzten Feuerwehrfahrzeuge richtet sich grunds\u00e4tzlich nach der Alarmmeldung die durch die Kreisleistelle erfolgt. Um keine wertvolle Zeit f\u00fcr Nachalarmierungen zu vergeuden, geht man zun\u00e4chst vom gr\u00f6\u00dftm\u00f6glichen Einsatzszenario aus. Da sich der Umfang eines Einsatzes oft erst an der Einsatzstelle beurteilen l\u00e4sst, kann es sein, dass mehr Einsatzfahrzeuge und -kr\u00e4fte an der Einsatzstelle eintreffen als ben\u00f6tigt.<\/p>\n<h4 class=\"contentheading\">Warum f\u00e4hrt die Feuerwehr auch nachts oftmals mit Martinshorn?<\/h4>\n<p><img loading=\"lazy\" decoding=\"async\" class=\" alignleft\" style=\"margin: 5px 4px 0px 0px; float: left;\" src=\"http:\/\/upload.wikimedia.org\/wikipedia\/commons\/b\/b5\/London_Polizei-Einsatz.gif\" alt=\"Sonder- und Wegerechte Animation\" width=\"122\" height=\"92\" \/>Viele Autofahrer fahren nachts schneller und weniger aufmerksam als am Tag. Damit steigt generell das Unfallrisiko. Die Feuerwehr ist gesetzlich nach der Stra\u00dfenverkehrsordnung verpflichtet, anderen Verkehrsteilnehmern kenntlich zu machen, dass sie sich auf einer Einsatzfahrt befinden. Daf\u00fcr reicht das Blaulicht nicht aus. Nur mit Martinshorn und Blaulicht hat die Feuerwehr Sonder- und Wegerechte, die ihr z.B. gestatten eine rote Ampel zu \u00fcberfahren.<\/p>\n<p><strong>Sonderechte nach \u00a7 35 StVO:<\/strong> <em>Befreiung von allen oder bestimmten Vorschriften der StVO \/ keine bestimmte Kennzeichnung<\/em><\/p>\n<p><strong>Wegerecht nach \u00a7 38 StVO:<\/strong> <em>alle \u00fcbrigen Verkehrsteilnehmer haben unverz\u00fcglich freie Bahn zu schaffen \/ Blaulicht und Einsatzhorn<\/em><\/p>\n<h4 class=\"contentheading\">Warum arbeitet oft nur ein Teil der Feuerwehrleute und nicht alle?<\/h4>\n<p>In der Anfangsphase eines Einsatzes werden oftmals viele Einsatzkr\u00e4fte gleichzeitig ben\u00f6tigt, um zum Beispiel Ger\u00e4tschaften in Stellung zu bringen, Schlauchleitungen zu verlegen oder die Einsatzstelle zu sichern oder auszuleuchten. W\u00e4hrend des Abarbeitens des Einsatzes k\u00f6nnen oftmals nur einige wenige Feuerwehrleute an der eigentlichen Einsatzstelle arbeiten (z.B. bei einem Verkehrsunfall mit eingeklemmter Person). Die \u00fcbrigen Feuerwehrleute stehen dann in Bereitschaft. In der Endphase, bei R\u00fcckbau- und Aufr\u00e4umarbeiten, werden dann wiederum viele Einsatzkr\u00e4fte ben\u00f6tigt um die Einsatzstelle schnellstm\u00f6glich wieder freizugeben.<\/p>\n<h4 class=\"contentheading\">Warum sperrt die Feuerwehr in vielen F\u00e4llen die ganze Stra\u00dfe anstatt den Verkehr zu regeln?<\/h4>\n<p>Der Feuerwehr ist es lediglich erlaubt eine Stra\u00dfe voll zu sperren und nicht den Verkehr zu regeln. Diese Aufgabe kann nur die Polizei \u00fcbernehmen bzw. an einen Feuerwehrmann ausdr\u00fccklich \u00fcbergeben. Da die Sicherheit der Feuerwehrleute an einer Einsatzstelle die h\u00f6chste Priorit\u00e4t hat, l\u00e4sst es sich oftmals nicht verhindern, dass der Stra\u00dfenverkehr behindert wird.<\/p>\n<h4 class=\"contentheading\">Wie oft und wie lange hat ein freiwilliger Feuerwehrmann Dienst?<\/h4>\n<p>Grunds\u00e4tzlich ist ein freiwilliger Feuerwehrmann immer im Dienst, 24 Stunden, 365 Tage im Jahr. Sobald er alarmiert wird ist er verpflichtet an dem Einsatz teilzunehmen. Nat\u00fcrlich muss jeder Feuerwehrmann selbst entscheiden, ob er in der Lage ist an einem Einsatz teilzunehmen. Gr\u00fcnde f\u00fcr das Fernbleiben k\u00f6nnen unter anderem, Krankheit, Abwesenheit an einem weit entfernten Ort, die alleinige Aufsichtspflicht f\u00fcr seine Kinder, andere verantwortungsvolle Aufgaben, oder das nicht gestatten des Arbeitgebers sein.<\/p>\n<h4 class=\"contentheading\">Wie oft und wann hat die Freiwillige Feuerwehr Aum\u00fchle \u00dcbungsdienst?<\/h4>\n<p>Die Freiwillige Feuerwehr Aum\u00fchle trifft sich jeden Dienstagabend um 19:00 Uhr zum \u00dcbungsdienst im Feuerwehrger\u00e4tehaus. Inhalte der Dienstabenden sind unter anderem, L\u00f6scheinsatz\u00fcbungen, Retten von eingeklemmten Personen, Fahrzeugkunde, Stich und Bunde, Erste Hilfe, Eisrettung, Absichern von Unfallstellen, Atemschutz, Leitern, Seelsorge, Hubwerkzeuge, Seilwinde, Motors\u00e4gen, Sport, Begehungen und Einsatz\u00fcbungen in gr\u00f6\u00dferen Objekten wie Schule, Augustinum oder Kindergarten u.v.m. Dabei wird auf eine gute Ausgewogenheit zwischen theoretischen und praktischen Diensten geachtet.<\/p>\n<h4 class=\"contentheading\">Wie werden die Feuerwehrm\u00e4nner \u00fcber einen Einsatz informiert?<\/h4>\n<p><a  href=\"http:\/\/www.feuerwehr-aumuehle.de\/wopre\/wp-content\/uploads\/2015\/02\/dme.jpg\" data-rel=\"gallery-gallery-0\" data-rl_title=\"\" data-rl_caption=\"\" title=\"\"><img loading=\"lazy\" decoding=\"async\" class=\"  alignleft wp-image-149\" src=\"http:\/\/www.feuerwehr-aumuehle.de\/wopre\/wp-content\/uploads\/2015\/02\/dme-222x300.jpg\" alt=\"Swissphone DE900\" width=\"71\" height=\"96\" srcset=\"https:\/\/www.feuerwehr-aumuehle.de\/wopre\/wp-content\/uploads\/2015\/02\/dme-222x300.jpg 222w, https:\/\/www.feuerwehr-aumuehle.de\/wopre\/wp-content\/uploads\/2015\/02\/dme.jpg 355w\" sizes=\"auto, (max-width: 71px) 100vw, 71px\" \/><\/a>Im Einsatzfall alarmiert die Kreisleitstelle in Bad Oldesloe die Feuerwehr Aum\u00fchle \u00fcber Sirene und Funkmeldeempf\u00e4nger. Diese umgangssprachlich genannten Pieper sind kleine meist am G\u00fcrtel getragene Funkempf\u00e4nger, die im Einsatzfall piepen bzw. vibrieren. \u00dcber das integrierte Display teilt die Rettungsleitstelle die wichtigsten Informationen zu dem Einsatz mit. Zus\u00e4tzlich werden alle Kameradinnen und Kameraden auf freiwilliger Basis auf ihrem privaten Smartphone alarmiert. Dort besteht auch die M\u00f6glichkeit einer R\u00fcckmeldung, ob man bei dem Einsatz dabei sein kann. Diese R\u00fcckmeldung wird auf einem Display im Feuerwehrger\u00e4tehaus angezeigt und bietet eine bessere \u00dcbersicht f\u00fcr die Einsatzleiter, zur Einteilung der verschiedenen Aufgaben auf den Fahrzeugen.<br \/>\n<!--\n\n\n<h4 class=\"contentheading\">Warum geht neuerdings die Sirene in Aum\u00fchle so oft bzw. bei jedem Einsatz?<\/h4>\n\n\nBis Ende 2009 wurden Eins\u00e4tze, bei denen <strong>kein<\/strong> Menschleben in Gefahr ist ausschlie\u00dflich per Funkmeldeempf\u00e4nger alarmiert. Seit Anfang 2010 werden nun alle Eins\u00e4tze sowohl mit Sirene als auch mit Funkmeldeempf\u00e4nger alarmiert. Grund daf\u00fcr ist, dass die Feuerwehr Aum\u00fchle nicht mehr \u00fcber ausreichend funktionsf\u00e4hige Funkmeldeempf\u00e4nger verf\u00fcgt. Einige der noch genutzten Ger\u00e4te stammen aus den Anf\u00e4ngen der 80er Jahre und k\u00f6nnen aufgrund von nicht mehr lieferbaren Ersatzteilen nur noch sehr schwer Instand gehalten werden (aus 2 mach 1). Die Anschaffung von neuen Funkmeldern (pro St\u00fcck ca. 400 EUR) lohnt sich nicht mehr, da schon seit \u00fcber 5 Jahren das f\u00fcr die Alarmierung genutzte Funknetz von analog auf digital umgestellt werden soll. Da f\u00fcr das digitale Netz neue Funkmelder angeschafft werden m\u00fcssen, lohnt es jetzt nicht mehr analoge Funkmelder zu beschaffen. Wann die Umstellung von analog auf digital erfolgen soll, ist immer noch nicht sicher (letzte Meldungen besagen Mitte 2011). Der Gemeinde Aum\u00fchle kann kein Vorwurf gemacht werden, denn diese hat bereits seit 2 Jahren die Gelder f\u00fcr die Neuanschaffung der digtialen Melder genehmigt. Jetzt liegt es am Kreis bzw. Land sich um die Infrastruktur zu k\u00fcmmern.--><\/p>\n<h5>Weitere Antworten folgen\u2026<\/h5>\n","protected":false},"excerpt":{"rendered":"<p>Es gibt Fragen, die werden der Feuerwehr immer wieder gestellt. Aus diesem Grund wollen wir hier einige der h\u00e4ufig gestellten Fragen auflisten und nat\u00fcrlich auch die entsprechenden Antworten geben. Was ist der Unterschied zwischen einer Berufs- und einer Freiwilligen Feuerwehr? Wie der Name schon sagt, sind bei einer Berufsfeuerwehr die Feuerwehrleute hauptamtlich angestellt w\u00e4hrend sie [&hellip;]<\/p>\n","protected":false},"author":1,"featured_media":0,"parent":0,"menu_order":0,"comment_status":"closed","ping_status":"open","template":"","meta":{"footnotes":""},"class_list":["post-92","page","type-page","status-publish","hentry"],"_links":{"self":[{"href":"https:\/\/www.feuerwehr-aumuehle.de\/wopre\/wp-json\/wp\/v2\/pages\/92","targetHints":{"allow":["GET"]}}],"collection":[{"href":"https:\/\/www.feuerwehr-aumuehle.de\/wopre\/wp-json\/wp\/v2\/pages"}],"about":[{"href":"https:\/\/www.feuerwehr-aumuehle.de\/wopre\/wp-json\/wp\/v2\/types\/page"}],"author":[{"embeddable":true,"href":"https:\/\/www.feuerwehr-aumuehle.de\/wopre\/wp-json\/wp\/v2\/users\/1"}],"replies":[{"embeddable":true,"href":"https:\/\/www.feuerwehr-aumuehle.de\/wopre\/wp-json\/wp\/v2\/comments?post=92"}],"version-history":[{"count":12,"href":"https:\/\/www.feuerwehr-aumuehle.de\/wopre\/wp-json\/wp\/v2\/pages\/92\/revisions"}],"predecessor-version":[{"id":4451,"href":"https:\/\/www.feuerwehr-aumuehle.de\/wopre\/wp-json\/wp\/v2\/pages\/92\/revisions\/4451"}],"wp:attachment":[{"href":"https:\/\/www.feuerwehr-aumuehle.de\/wopre\/wp-json\/wp\/v2\/media?parent=92"}],"curies":[{"name":"wp","href":"https:\/\/api.w.org\/{rel}","templated":true}]}}